{"id":9343,"date":"2022-07-04T18:42:36","date_gmt":"2022-07-04T18:42:36","guid":{"rendered":"https:\/\/simoffice.pt\/index.php\/product\/conversor-vga-macho-hdmi-femea-audio-e-alimentacao-25cm\/"},"modified":"2022-07-04T18:42:42","modified_gmt":"2022-07-04T18:42:42","slug":"conversor-vga-macho-hdmi-femea-audio-e-alimentacao-25cm","status":"publish","type":"product","link":"https:\/\/simoffice.pt\/index.php\/product\/conversor-vga-macho-hdmi-femea-audio-e-alimentacao-25cm\/","title":{"rendered":"Conversor VGA macho -&gt; HDMI f\u00eamea &#8211; \u00e1udio e alimenta\u00e7\u00e3o &#8211; 25cm"},"content":{"rendered":"","protected":false},"excerpt":{"rendered":"","protected":false},"featured_media":9344,"template":"","meta":[],"product_cat":[75],"product_tag":[],"_links":{"self":[{"href":"https:\/\/simoffice.pt\/index.php\/wp-json\/wp\/v2\/product\/9343"}],"collection":[{"href":"https:\/\/simoffice.pt\/index.php\/wp-json\/wp\/v2\/product"}],"about":[{"href":"https:\/\/simoffice.pt\/index.php\/wp-json\/wp\/v2\/types\/product"}],"wp:featuredmedia":[{"embeddable":true,"href":"https:\/\/simoffice.pt\/index.php\/wp-json\/wp\/v2\/media\/9344"}],"wp:attachment":[{"href":"https:\/\/simoffice.pt\/index.php\/wp-json\/wp\/v2\/media?parent=9343"}],"wp:term":[{"taxonomy":"product_cat","embeddable":true,"href":"https:\/\/simoffice.pt\/index.php\/wp-json\/wp\/v2\/product_cat?post=9343"},{"taxonomy":"product_tag","embeddable":true,"href":"https:\/\/simoffice.pt\/index.php\/wp-json\/wp\/v2\/product_tag?post=9343"}],"curies":[{"name":"wp","href":"https:\/\/api.w.org\/{rel}","templated":true}]}}