{"id":8719,"date":"2022-07-04T18:10:04","date_gmt":"2022-07-04T18:10:04","guid":{"rendered":"https:\/\/simoffice.pt\/index.php\/product\/brother-mfc-j6930dw-multifuncoes-de-tinta-profissional-ate-a3-wifi-com-fax\/"},"modified":"2022-07-04T18:10:10","modified_gmt":"2022-07-04T18:10:10","slug":"brother-mfc-j6930dw-multifuncoes-de-tinta-profissional-ate-a3-wifi-com-fax","status":"publish","type":"product","link":"https:\/\/simoffice.pt\/index.php\/product\/brother-mfc-j6930dw-multifuncoes-de-tinta-profissional-ate-a3-wifi-com-fax\/","title":{"rendered":"Brother MFC-J6930DW &#8211; Multifun\u00e7\u00f5es de tinta profissional at\u00e9 A3 WiFi com fax"},"content":{"rendered":"","protected":false},"excerpt":{"rendered":"","protected":false},"featured_media":8720,"template":"","meta":[],"product_cat":[75],"product_tag":[],"_links":{"self":[{"href":"https:\/\/simoffice.pt\/index.php\/wp-json\/wp\/v2\/product\/8719"}],"collection":[{"href":"https:\/\/simoffice.pt\/index.php\/wp-json\/wp\/v2\/product"}],"about":[{"href":"https:\/\/simoffice.pt\/index.php\/wp-json\/wp\/v2\/types\/product"}],"wp:featuredmedia":[{"embeddable":true,"href":"https:\/\/simoffice.pt\/index.php\/wp-json\/wp\/v2\/media\/8720"}],"wp:attachment":[{"href":"https:\/\/simoffice.pt\/index.php\/wp-json\/wp\/v2\/media?parent=8719"}],"wp:term":[{"taxonomy":"product_cat","embeddable":true,"href":"https:\/\/simoffice.pt\/index.php\/wp-json\/wp\/v2\/product_cat?post=8719"},{"taxonomy":"product_tag","embeddable":true,"href":"https:\/\/simoffice.pt\/index.php\/wp-json\/wp\/v2\/product_tag?post=8719"}],"curies":[{"name":"wp","href":"https:\/\/api.w.org\/{rel}","templated":true}]}}