{"id":7908,"date":"2022-07-04T17:26:21","date_gmt":"2022-07-04T17:26:21","guid":{"rendered":"https:\/\/simoffice.pt\/index.php\/product\/organizador-de-secretaria-rede-metalico-giratorio\/"},"modified":"2022-07-04T17:26:21","modified_gmt":"2022-07-04T17:26:21","slug":"organizador-de-secretaria-rede-metalico-giratorio","status":"publish","type":"product","link":"https:\/\/simoffice.pt\/index.php\/product\/organizador-de-secretaria-rede-metalico-giratorio\/","title":{"rendered":"Organizador de secret\u00e1ria rede met\u00e1lico girat\u00f3rio"},"content":{"rendered":"","protected":false},"excerpt":{"rendered":"","protected":false},"featured_media":0,"template":"","meta":[],"product_cat":[74],"product_tag":[],"_links":{"self":[{"href":"https:\/\/simoffice.pt\/index.php\/wp-json\/wp\/v2\/product\/7908"}],"collection":[{"href":"https:\/\/simoffice.pt\/index.php\/wp-json\/wp\/v2\/product"}],"about":[{"href":"https:\/\/simoffice.pt\/index.php\/wp-json\/wp\/v2\/types\/product"}],"wp:attachment":[{"href":"https:\/\/simoffice.pt\/index.php\/wp-json\/wp\/v2\/media?parent=7908"}],"wp:term":[{"taxonomy":"product_cat","embeddable":true,"href":"https:\/\/simoffice.pt\/index.php\/wp-json\/wp\/v2\/product_cat?post=7908"},{"taxonomy":"product_tag","embeddable":true,"href":"https:\/\/simoffice.pt\/index.php\/wp-json\/wp\/v2\/product_tag?post=7908"}],"curies":[{"name":"wp","href":"https:\/\/api.w.org\/{rel}","templated":true}]}}