{"id":7777,"date":"2022-07-04T17:19:37","date_gmt":"2022-07-04T17:19:37","guid":{"rendered":"https:\/\/simoffice.pt\/index.php\/product\/post-it-setas-de-indice-pequenas-119-x-432-mm-cores-sortidas-4-com-dispensadores-684-arr4\/"},"modified":"2022-07-04T17:19:47","modified_gmt":"2022-07-04T17:19:47","slug":"post-it-setas-de-indice-pequenas-119-x-432-mm-cores-sortidas-4-com-dispensadores-684-arr4","status":"publish","type":"product","link":"https:\/\/simoffice.pt\/index.php\/product\/post-it-setas-de-indice-pequenas-119-x-432-mm-cores-sortidas-4-com-dispensadores-684-arr4\/","title":{"rendered":"Post-it\u00ae Setas de \u00edndice pequenas, 11,9 x 43,2 mm, cores sortidas, 4 com dispensadores 684-ARR4"},"content":{"rendered":"<p>Para escrever e reposicion\u00e1veis, estas atraentes setas de \u00edndice Post-it\u00ae colam-se aos documentos e apresentam-se num pr\u00e1tico dispensador de pl\u00e1stico.<br \/>\nAs setas de \u00edndice Post-it\u00ae s\u00e3o a solu\u00e7\u00e3o ideal para uma variada sele\u00e7\u00e3o de tarefas no escrit\u00f3rio ou em casa, como a marca\u00e7\u00e3o de p\u00e1ginas importantes em manuais volumosos, para assinalar prazos urgentes em relat\u00f3rios e muito mais. Se precisar de assinalar claramente pontos para utiliza\u00e7\u00e3o posterior, estes pequenos separadores em forma de seta v\u00e3o certamente chamar a sua aten\u00e7\u00e3o. Esta embalagem inclui uma variedade de cores vivas e os separadores t\u00eam espa\u00e7o suficiente para escrever um pequeno cabe\u00e7alho. Estas pequenas setas Post-it\u00ae podem assinalar claramente palavras espec\u00edficas numa p\u00e1gina, mas n\u00e3o obscurecem o texto ou imagens porque s\u00e3o transparentes. Contidas num pr\u00e1tico dispensador de pl\u00e1stico amov\u00edvel, s\u00e3o a ajuda ideal para juntar um pouco de cor a documentos vitais, cat\u00e1logos ou pastas para refer\u00eancia posterior.<br \/>\nCores vivas para chamar a sua aten\u00e7\u00e3o<br \/>\nIndexe informa\u00e7\u00f5es importantes para as encontrar facilmente mais tarde<br \/>\nColam-se com seguran\u00e7a \u00e0s p\u00e1ginas<br \/>\nTransparentes para permitir a leitura de texto numa p\u00e1gina<br \/>\nPodem ser reposicionadas na p\u00e1gina completa ou removidas facilmente<br \/>\nIdeais para codificar documentos por cores<br \/>\nEspa\u00e7o para escrever um cabe\u00e7alho<br \/>\nCada embalagem de 4 x 24 setas (96 no total) \u00e9 inclu\u00edda num pr\u00e1tico dispensador de pl\u00e1stico amov\u00edvel<br \/>\nTamanho da seta de \u00edndice: 11,9 x 43,2 mm<\/p>\n","protected":false},"excerpt":{"rendered":"<p>Para escrever e reposicion\u00e1veis, estas atraentes setas de \u00edndice Post-it\u00ae colam-se aos documentos e apresentam-se num pr\u00e1tico dispensador de pl\u00e1stico. As setas de \u00edndice Post-it\u00ae s\u00e3o a solu\u00e7\u00e3o ideal para uma variada sele\u00e7\u00e3o de tarefas no escrit\u00f3rio ou em casa, como a marca\u00e7\u00e3o de p\u00e1ginas importantes em manuais volumosos, para assinalar prazos urgentes em relat\u00f3rios [&hellip;]<\/p>\n","protected":false},"featured_media":7779,"template":"","meta":[],"product_cat":[74],"product_tag":[],"_links":{"self":[{"href":"https:\/\/simoffice.pt\/index.php\/wp-json\/wp\/v2\/product\/7777"}],"collection":[{"href":"https:\/\/simoffice.pt\/index.php\/wp-json\/wp\/v2\/product"}],"about":[{"href":"https:\/\/simoffice.pt\/index.php\/wp-json\/wp\/v2\/types\/product"}],"wp:featuredmedia":[{"embeddable":true,"href":"https:\/\/simoffice.pt\/index.php\/wp-json\/wp\/v2\/media\/7779"}],"wp:attachment":[{"href":"https:\/\/simoffice.pt\/index.php\/wp-json\/wp\/v2\/media?parent=7777"}],"wp:term":[{"taxonomy":"product_cat","embeddable":true,"href":"https:\/\/simoffice.pt\/index.php\/wp-json\/wp\/v2\/product_cat?post=7777"},{"taxonomy":"product_tag","embeddable":true,"href":"https:\/\/simoffice.pt\/index.php\/wp-json\/wp\/v2\/product_tag?post=7777"}],"curies":[{"name":"wp","href":"https:\/\/api.w.org\/{rel}","templated":true}]}}