{"id":7733,"date":"2022-07-04T17:17:24","date_gmt":"2022-07-04T17:17:24","guid":{"rendered":"https:\/\/simoffice.pt\/index.php\/product\/mkplus-teclado-slim-chiclet-style-usbrato\/"},"modified":"2022-07-04T17:17:30","modified_gmt":"2022-07-04T17:17:30","slug":"mkplus-teclado-slim-chiclet-style-usbrato","status":"publish","type":"product","link":"https:\/\/simoffice.pt\/index.php\/product\/mkplus-teclado-slim-chiclet-style-usbrato\/","title":{"rendered":"MKPlus Teclado Slim Chiclet Style USB+Rato"},"content":{"rendered":"<p>Kit de Teclado e Rato USB de formato standard<br \/>\nTeclado de design moderno com teclas \u00b4Chiclet\u00b4<br \/>\nRato \u00f3ptico com 800dpi<br \/>\nElevado padr\u00e3o de qualidade de constru\u00e7\u00e3o<br \/>\nInterface USB<\/p>\n","protected":false},"excerpt":{"rendered":"<p>Kit de Teclado e Rato USB de formato standard Teclado de design moderno com teclas \u00b4Chiclet\u00b4 Rato \u00f3ptico com 800dpi Elevado padr\u00e3o de qualidade de constru\u00e7\u00e3o Interface USB<\/p>\n","protected":false},"featured_media":7734,"template":"","meta":[],"product_cat":[75],"product_tag":[],"_links":{"self":[{"href":"https:\/\/simoffice.pt\/index.php\/wp-json\/wp\/v2\/product\/7733"}],"collection":[{"href":"https:\/\/simoffice.pt\/index.php\/wp-json\/wp\/v2\/product"}],"about":[{"href":"https:\/\/simoffice.pt\/index.php\/wp-json\/wp\/v2\/types\/product"}],"wp:featuredmedia":[{"embeddable":true,"href":"https:\/\/simoffice.pt\/index.php\/wp-json\/wp\/v2\/media\/7734"}],"wp:attachment":[{"href":"https:\/\/simoffice.pt\/index.php\/wp-json\/wp\/v2\/media?parent=7733"}],"wp:term":[{"taxonomy":"product_cat","embeddable":true,"href":"https:\/\/simoffice.pt\/index.php\/wp-json\/wp\/v2\/product_cat?post=7733"},{"taxonomy":"product_tag","embeddable":true,"href":"https:\/\/simoffice.pt\/index.php\/wp-json\/wp\/v2\/product_tag?post=7733"}],"curies":[{"name":"wp","href":"https:\/\/api.w.org\/{rel}","templated":true}]}}