{"id":7656,"date":"2022-07-04T17:13:25","date_gmt":"2022-07-04T17:13:25","guid":{"rendered":"https:\/\/simoffice.pt\/index.php\/product\/crucial-memoria-8gb-ddr4-2666-ram-1x8gb-cl19\/"},"modified":"2022-07-04T17:13:31","modified_gmt":"2022-07-04T17:13:31","slug":"crucial-memoria-8gb-ddr4-2666-ram-1x8gb-cl19","status":"publish","type":"product","link":"https:\/\/simoffice.pt\/index.php\/product\/crucial-memoria-8gb-ddr4-2666-ram-1x8gb-cl19\/","title":{"rendered":"Crucial mem\u00f3ria 8GB DDR4 2666 ram (1X8GB) CL19"},"content":{"rendered":"<p>Mem\u00f3ria UDIMM DDR4 8192MB<br \/>\n1 M\u00f3dulo de 8192MB<br \/>\nCAS Lactency 19, Alimenta\u00e7\u00e3o de 1.2V<br \/>\nMem\u00f3ria de 288 pinos a 2666MHz<br \/>\nModelo Crucial<\/p>\n","protected":false},"excerpt":{"rendered":"<p>Mem\u00f3ria UDIMM DDR4 8192MB 1 M\u00f3dulo de 8192MB CAS Lactency 19, Alimenta\u00e7\u00e3o de 1.2V Mem\u00f3ria de 288 pinos a 2666MHz Modelo Crucial<\/p>\n","protected":false},"featured_media":7657,"template":"","meta":[],"product_cat":[75],"product_tag":[],"_links":{"self":[{"href":"https:\/\/simoffice.pt\/index.php\/wp-json\/wp\/v2\/product\/7656"}],"collection":[{"href":"https:\/\/simoffice.pt\/index.php\/wp-json\/wp\/v2\/product"}],"about":[{"href":"https:\/\/simoffice.pt\/index.php\/wp-json\/wp\/v2\/types\/product"}],"wp:featuredmedia":[{"embeddable":true,"href":"https:\/\/simoffice.pt\/index.php\/wp-json\/wp\/v2\/media\/7657"}],"wp:attachment":[{"href":"https:\/\/simoffice.pt\/index.php\/wp-json\/wp\/v2\/media?parent=7656"}],"wp:term":[{"taxonomy":"product_cat","embeddable":true,"href":"https:\/\/simoffice.pt\/index.php\/wp-json\/wp\/v2\/product_cat?post=7656"},{"taxonomy":"product_tag","embeddable":true,"href":"https:\/\/simoffice.pt\/index.php\/wp-json\/wp\/v2\/product_tag?post=7656"}],"curies":[{"name":"wp","href":"https:\/\/api.w.org\/{rel}","templated":true}]}}