{"id":7652,"date":"2022-07-04T17:13:11","date_gmt":"2022-07-04T17:13:11","guid":{"rendered":"https:\/\/simoffice.pt\/index.php\/product\/memoria-4gb-ddr4-2400-1x4gb-cl15-g-skill-aegis\/"},"modified":"2022-07-04T17:13:17","modified_gmt":"2022-07-04T17:13:17","slug":"memoria-4gb-ddr4-2400-1x4gb-cl15-g-skill-aegis","status":"publish","type":"product","link":"https:\/\/simoffice.pt\/index.php\/product\/memoria-4gb-ddr4-2400-1x4gb-cl15-g-skill-aegis\/","title":{"rendered":"Mem\u00f3ria 4Gb DDR4 2400 (1x4GB) CL15 G.Skill Aegis"},"content":{"rendered":"<p>Mem\u00f3ria UDIMM DDR4 4GB<br \/>\n1 M\u00f3dulo de 4GB<br \/>\nCAS Lactency 15, Alimenta\u00e7\u00e3o de 1.2V<br \/>\nMem\u00f3ria de 288 pinos a 2400MHz<br \/>\nModelo GSKILL AEGIS<\/p>\n","protected":false},"excerpt":{"rendered":"<p>Mem\u00f3ria UDIMM DDR4 4GB 1 M\u00f3dulo de 4GB CAS Lactency 15, Alimenta\u00e7\u00e3o de 1.2V Mem\u00f3ria de 288 pinos a 2400MHz Modelo GSKILL AEGIS<\/p>\n","protected":false},"featured_media":7653,"template":"","meta":[],"product_cat":[75],"product_tag":[],"_links":{"self":[{"href":"https:\/\/simoffice.pt\/index.php\/wp-json\/wp\/v2\/product\/7652"}],"collection":[{"href":"https:\/\/simoffice.pt\/index.php\/wp-json\/wp\/v2\/product"}],"about":[{"href":"https:\/\/simoffice.pt\/index.php\/wp-json\/wp\/v2\/types\/product"}],"wp:featuredmedia":[{"embeddable":true,"href":"https:\/\/simoffice.pt\/index.php\/wp-json\/wp\/v2\/media\/7653"}],"wp:attachment":[{"href":"https:\/\/simoffice.pt\/index.php\/wp-json\/wp\/v2\/media?parent=7652"}],"wp:term":[{"taxonomy":"product_cat","embeddable":true,"href":"https:\/\/simoffice.pt\/index.php\/wp-json\/wp\/v2\/product_cat?post=7652"},{"taxonomy":"product_tag","embeddable":true,"href":"https:\/\/simoffice.pt\/index.php\/wp-json\/wp\/v2\/product_tag?post=7652"}],"curies":[{"name":"wp","href":"https:\/\/api.w.org\/{rel}","templated":true}]}}