{"id":7342,"date":"2022-07-04T16:56:40","date_gmt":"2022-07-04T16:56:40","guid":{"rendered":"https:\/\/simoffice.pt\/index.php\/product\/mkplus-rato-ms200wr-wireless-800dpi-receptor-usb-nano\/"},"modified":"2022-07-04T16:56:46","modified_gmt":"2022-07-04T16:56:46","slug":"mkplus-rato-ms200wr-wireless-800dpi-receptor-usb-nano","status":"publish","type":"product","link":"https:\/\/simoffice.pt\/index.php\/product\/mkplus-rato-ms200wr-wireless-800dpi-receptor-usb-nano\/","title":{"rendered":"MKPlus Rato MS200WR Wireless 800DPI Receptor USB NANO"},"content":{"rendered":"<p>Rato Wireless MKPlus MS200WR, preto, com sensor \u00f3ptico de 800dpi (Dots Per Inch), 1 roda de deslocamento vertical e 2 teclas. Design confort\u00e1vel para ambas as m\u00e3os, funcionamento a 2,4GHz, com nano receptor wireless USB.Compat\u00edvel com Windows 8\/7\/Vista\/2003\/XP\/Me\/2000\/98SE.<\/p>\n","protected":false},"excerpt":{"rendered":"<p>Rato Wireless MKPlus MS200WR, preto, com sensor \u00f3ptico de 800dpi (Dots Per Inch), 1 roda de deslocamento vertical e 2 teclas. Design confort\u00e1vel para ambas as m\u00e3os, funcionamento a 2,4GHz, com nano receptor wireless USB.Compat\u00edvel com Windows 8\/7\/Vista\/2003\/XP\/Me\/2000\/98SE.<\/p>\n","protected":false},"featured_media":7343,"template":"","meta":[],"product_cat":[75],"product_tag":[],"_links":{"self":[{"href":"https:\/\/simoffice.pt\/index.php\/wp-json\/wp\/v2\/product\/7342"}],"collection":[{"href":"https:\/\/simoffice.pt\/index.php\/wp-json\/wp\/v2\/product"}],"about":[{"href":"https:\/\/simoffice.pt\/index.php\/wp-json\/wp\/v2\/types\/product"}],"wp:featuredmedia":[{"embeddable":true,"href":"https:\/\/simoffice.pt\/index.php\/wp-json\/wp\/v2\/media\/7343"}],"wp:attachment":[{"href":"https:\/\/simoffice.pt\/index.php\/wp-json\/wp\/v2\/media?parent=7342"}],"wp:term":[{"taxonomy":"product_cat","embeddable":true,"href":"https:\/\/simoffice.pt\/index.php\/wp-json\/wp\/v2\/product_cat?post=7342"},{"taxonomy":"product_tag","embeddable":true,"href":"https:\/\/simoffice.pt\/index.php\/wp-json\/wp\/v2\/product_tag?post=7342"}],"curies":[{"name":"wp","href":"https:\/\/api.w.org\/{rel}","templated":true}]}}