{"id":7230,"date":"2022-07-04T16:50:40","date_gmt":"2022-07-04T16:50:40","guid":{"rendered":"https:\/\/simoffice.pt\/index.php\/product\/fita-adesiva-tesa-p-isolamento-electrico-15mmx10ms-preto\/"},"modified":"2022-07-04T16:50:47","modified_gmt":"2022-07-04T16:50:47","slug":"fita-adesiva-tesa-p-isolamento-electrico-15mmx10ms-preto","status":"publish","type":"product","link":"https:\/\/simoffice.pt\/index.php\/product\/fita-adesiva-tesa-p-isolamento-electrico-15mmx10ms-preto\/","title":{"rendered":"Fita Adesiva Tesa p \/ Isolamento Electrico 15mmx10ms Preto"},"content":{"rendered":"<p>Fita adesiva isoladora de confian\u00e7a para isolar, enrolar e prender fios e cabos el\u00e9ctricos.<\/p>\n<p>Retardamento anti-chama.<br \/>\nF\u00e1cil de enrolar e moldar \u00e0 volta de superf\u00edcies irregulares.<br \/>\nProtec\u00e7\u00e3o el\u00e9ctrica segura at\u00e9 6.000v.<br \/>\nCertificada de acordo com a Norma IEC 454-3-1.<\/p>\n","protected":false},"excerpt":{"rendered":"<p>Fita adesiva isoladora de confian\u00e7a para isolar, enrolar e prender fios e cabos el\u00e9ctricos. Retardamento anti-chama. F\u00e1cil de enrolar e moldar \u00e0 volta de superf\u00edcies irregulares. Protec\u00e7\u00e3o el\u00e9ctrica segura at\u00e9 6.000v. Certificada de acordo com a Norma IEC 454-3-1.<\/p>\n","protected":false},"featured_media":7231,"template":"","meta":[],"product_cat":[74],"product_tag":[],"_links":{"self":[{"href":"https:\/\/simoffice.pt\/index.php\/wp-json\/wp\/v2\/product\/7230"}],"collection":[{"href":"https:\/\/simoffice.pt\/index.php\/wp-json\/wp\/v2\/product"}],"about":[{"href":"https:\/\/simoffice.pt\/index.php\/wp-json\/wp\/v2\/types\/product"}],"wp:featuredmedia":[{"embeddable":true,"href":"https:\/\/simoffice.pt\/index.php\/wp-json\/wp\/v2\/media\/7231"}],"wp:attachment":[{"href":"https:\/\/simoffice.pt\/index.php\/wp-json\/wp\/v2\/media?parent=7230"}],"wp:term":[{"taxonomy":"product_cat","embeddable":true,"href":"https:\/\/simoffice.pt\/index.php\/wp-json\/wp\/v2\/product_cat?post=7230"},{"taxonomy":"product_tag","embeddable":true,"href":"https:\/\/simoffice.pt\/index.php\/wp-json\/wp\/v2\/product_tag?post=7230"}],"curies":[{"name":"wp","href":"https:\/\/api.w.org\/{rel}","templated":true}]}}