{"id":6799,"date":"2022-07-04T16:28:31","date_gmt":"2022-07-04T16:28:31","guid":{"rendered":"https:\/\/simoffice.pt\/index.php\/product\/kingston-pen-drive-64gb-data-traveler-100-usb\/"},"modified":"2022-07-04T16:28:36","modified_gmt":"2022-07-04T16:28:36","slug":"kingston-pen-drive-64gb-data-traveler-100-usb","status":"publish","type":"product","link":"https:\/\/simoffice.pt\/index.php\/product\/kingston-pen-drive-64gb-data-traveler-100-usb\/","title":{"rendered":"Kingston Pen Drive 64Gb Data Traveler 100 USB"},"content":{"rendered":"<p>Flash Memory USB DataTraveler 100 G3 USB 3.1 Gen 1, Capacidade Armazenamento de 64GB, Ideal para documentos importantes, m\u00fasica, v\u00eddeo e fotos.Tecnologia aliada \u00e0 Qualidade Kingston.<\/p>\n","protected":false},"excerpt":{"rendered":"<p>Flash Memory USB DataTraveler 100 G3 USB 3.1 Gen 1, Capacidade Armazenamento de 64GB, Ideal para documentos importantes, m\u00fasica, v\u00eddeo e fotos.Tecnologia aliada \u00e0 Qualidade Kingston.<\/p>\n","protected":false},"featured_media":6800,"template":"","meta":[],"product_cat":[75],"product_tag":[],"_links":{"self":[{"href":"https:\/\/simoffice.pt\/index.php\/wp-json\/wp\/v2\/product\/6799"}],"collection":[{"href":"https:\/\/simoffice.pt\/index.php\/wp-json\/wp\/v2\/product"}],"about":[{"href":"https:\/\/simoffice.pt\/index.php\/wp-json\/wp\/v2\/types\/product"}],"wp:featuredmedia":[{"embeddable":true,"href":"https:\/\/simoffice.pt\/index.php\/wp-json\/wp\/v2\/media\/6800"}],"wp:attachment":[{"href":"https:\/\/simoffice.pt\/index.php\/wp-json\/wp\/v2\/media?parent=6799"}],"wp:term":[{"taxonomy":"product_cat","embeddable":true,"href":"https:\/\/simoffice.pt\/index.php\/wp-json\/wp\/v2\/product_cat?post=6799"},{"taxonomy":"product_tag","embeddable":true,"href":"https:\/\/simoffice.pt\/index.php\/wp-json\/wp\/v2\/product_tag?post=6799"}],"curies":[{"name":"wp","href":"https:\/\/api.w.org\/{rel}","templated":true}]}}