{"id":6755,"date":"2022-07-04T16:26:20","date_gmt":"2022-07-04T16:26:20","guid":{"rendered":"https:\/\/simoffice.pt\/index.php\/product\/cabo-conversor-de-displayport-m-p-vga-f-0-20m-preto\/"},"modified":"2022-07-04T16:26:25","modified_gmt":"2022-07-04T16:26:25","slug":"cabo-conversor-de-displayport-m-p-vga-f-0-20m-preto","status":"publish","type":"product","link":"https:\/\/simoffice.pt\/index.php\/product\/cabo-conversor-de-displayport-m-p-vga-f-0-20m-preto\/","title":{"rendered":"Cabo Conversor de DisplayPort M P\/ VGA F, 0.20M preto"},"content":{"rendered":"<p>Adaptador DISPLAYPORT VGA F\u00eamea, Preto, 0.20m. Ligue o seu Apple, Dell ou Lenovo notebook a um monitor ou projector para visualizar conte\u00fados em HD. Converte o sinal de v\u00eddeo a partir do dispositivo com sa\u00edda DisplayPort    e envia para qualquer monitor ou projector com VGA. O Display Port 1.1a oferece taxas de transfer\u00eancia de 1,62 e 2,7 Gbps em 4 pistas. Resolu\u00e7\u00e3o de Video at\u00e9 1920 x 1200 x 60Hz. Cor: Preto.<\/p>\n","protected":false},"excerpt":{"rendered":"<p>Adaptador DISPLAYPORT VGA F\u00eamea, Preto, 0.20m. Ligue o seu Apple, Dell ou Lenovo notebook a um monitor ou projector para visualizar conte\u00fados em HD. Converte o sinal de v\u00eddeo a partir do dispositivo com sa\u00edda DisplayPort e envia para qualquer monitor ou projector com VGA. O Display Port 1.1a oferece taxas de transfer\u00eancia de 1,62 [&hellip;]<\/p>\n","protected":false},"featured_media":6756,"template":"","meta":[],"product_cat":[75],"product_tag":[],"_links":{"self":[{"href":"https:\/\/simoffice.pt\/index.php\/wp-json\/wp\/v2\/product\/6755"}],"collection":[{"href":"https:\/\/simoffice.pt\/index.php\/wp-json\/wp\/v2\/product"}],"about":[{"href":"https:\/\/simoffice.pt\/index.php\/wp-json\/wp\/v2\/types\/product"}],"wp:featuredmedia":[{"embeddable":true,"href":"https:\/\/simoffice.pt\/index.php\/wp-json\/wp\/v2\/media\/6756"}],"wp:attachment":[{"href":"https:\/\/simoffice.pt\/index.php\/wp-json\/wp\/v2\/media?parent=6755"}],"wp:term":[{"taxonomy":"product_cat","embeddable":true,"href":"https:\/\/simoffice.pt\/index.php\/wp-json\/wp\/v2\/product_cat?post=6755"},{"taxonomy":"product_tag","embeddable":true,"href":"https:\/\/simoffice.pt\/index.php\/wp-json\/wp\/v2\/product_tag?post=6755"}],"curies":[{"name":"wp","href":"https:\/\/api.w.org\/{rel}","templated":true}]}}