{"id":6699,"date":"2022-07-04T16:23:32","date_gmt":"2022-07-04T16:23:32","guid":{"rendered":"https:\/\/simoffice.pt\/index.php\/product\/cabo-hdmi-m-para-hdmi-m-highspeed-ethernet-20mts-gold\/"},"modified":"2022-07-04T16:23:37","modified_gmt":"2022-07-04T16:23:37","slug":"cabo-hdmi-m-para-hdmi-m-highspeed-ethernet-20mts-gold","status":"publish","type":"product","link":"https:\/\/simoffice.pt\/index.php\/product\/cabo-hdmi-m-para-hdmi-m-highspeed-ethernet-20mts-gold\/","title":{"rendered":"Cabo HDMI M para HDMI M Highspeed Ethernet 20Mts Gold"},"content":{"rendered":"<p>Cabo HDMI 1.4 Macho para HDMI Macho. Cabo de \u00faltima gera\u00e7\u00e3o com suporte para a vers\u00e3o mais recente da norma HDMI. Cabo de alta velocidade com suporte para transmiss\u00e3o de dados ethernet. Conectores banhados a ouro.Cores mais porfundas nos sistemas HDTV com suporte RGB, X.V.Color, sYCC60, Adobe RGB e Adobe YCC601. Comprimento 20m. Condutor OFC. Em preto.<\/p>\n","protected":false},"excerpt":{"rendered":"<p>Cabo HDMI 1.4 Macho para HDMI Macho. Cabo de \u00faltima gera\u00e7\u00e3o com suporte para a vers\u00e3o mais recente da norma HDMI. Cabo de alta velocidade com suporte para transmiss\u00e3o de dados ethernet. Conectores banhados a ouro.Cores mais porfundas nos sistemas HDTV com suporte RGB, X.V.Color, sYCC60, Adobe RGB e Adobe YCC601. Comprimento 20m. Condutor OFC. [&hellip;]<\/p>\n","protected":false},"featured_media":6700,"template":"","meta":[],"product_cat":[75],"product_tag":[],"_links":{"self":[{"href":"https:\/\/simoffice.pt\/index.php\/wp-json\/wp\/v2\/product\/6699"}],"collection":[{"href":"https:\/\/simoffice.pt\/index.php\/wp-json\/wp\/v2\/product"}],"about":[{"href":"https:\/\/simoffice.pt\/index.php\/wp-json\/wp\/v2\/types\/product"}],"wp:featuredmedia":[{"embeddable":true,"href":"https:\/\/simoffice.pt\/index.php\/wp-json\/wp\/v2\/media\/6700"}],"wp:attachment":[{"href":"https:\/\/simoffice.pt\/index.php\/wp-json\/wp\/v2\/media?parent=6699"}],"wp:term":[{"taxonomy":"product_cat","embeddable":true,"href":"https:\/\/simoffice.pt\/index.php\/wp-json\/wp\/v2\/product_cat?post=6699"},{"taxonomy":"product_tag","embeddable":true,"href":"https:\/\/simoffice.pt\/index.php\/wp-json\/wp\/v2\/product_tag?post=6699"}],"curies":[{"name":"wp","href":"https:\/\/api.w.org\/{rel}","templated":true}]}}