{"id":6449,"date":"2022-07-04T16:10:45","date_gmt":"2022-07-04T16:10:45","guid":{"rendered":"https:\/\/simoffice.pt\/index.php\/product\/hp-officejet-pro-6970-all-in-one-printer\/"},"modified":"2022-07-04T16:10:50","modified_gmt":"2022-07-04T16:10:50","slug":"hp-officejet-pro-6970-all-in-one-printer","status":"publish","type":"product","link":"https:\/\/simoffice.pt\/index.php\/product\/hp-officejet-pro-6970-all-in-one-printer\/","title":{"rendered":"HP Officejet Pro 6970 All-In-ONE Printer"},"content":{"rendered":"<p>HP OfficeJet Pro 6970 AiO, Jato de tinta t\u00e9rmico, Impress\u00e3o a cores, C\u00f3pia a cores, Digitaliza\u00e7\u00e3o a cores, Fax a cores, 20000 p\u00e1ginas por m\u00eas<\/p>\n","protected":false},"excerpt":{"rendered":"<p>HP OfficeJet Pro 6970 AiO, Jato de tinta t\u00e9rmico, Impress\u00e3o a cores, C\u00f3pia a cores, Digitaliza\u00e7\u00e3o a cores, Fax a cores, 20000 p\u00e1ginas por m\u00eas<\/p>\n","protected":false},"featured_media":6450,"template":"","meta":[],"product_cat":[75],"product_tag":[],"_links":{"self":[{"href":"https:\/\/simoffice.pt\/index.php\/wp-json\/wp\/v2\/product\/6449"}],"collection":[{"href":"https:\/\/simoffice.pt\/index.php\/wp-json\/wp\/v2\/product"}],"about":[{"href":"https:\/\/simoffice.pt\/index.php\/wp-json\/wp\/v2\/types\/product"}],"wp:featuredmedia":[{"embeddable":true,"href":"https:\/\/simoffice.pt\/index.php\/wp-json\/wp\/v2\/media\/6450"}],"wp:attachment":[{"href":"https:\/\/simoffice.pt\/index.php\/wp-json\/wp\/v2\/media?parent=6449"}],"wp:term":[{"taxonomy":"product_cat","embeddable":true,"href":"https:\/\/simoffice.pt\/index.php\/wp-json\/wp\/v2\/product_cat?post=6449"},{"taxonomy":"product_tag","embeddable":true,"href":"https:\/\/simoffice.pt\/index.php\/wp-json\/wp\/v2\/product_tag?post=6449"}],"curies":[{"name":"wp","href":"https:\/\/api.w.org\/{rel}","templated":true}]}}