{"id":6414,"date":"2022-07-04T16:09:00","date_gmt":"2022-07-04T16:09:00","guid":{"rendered":"https:\/\/simoffice.pt\/index.php\/product\/kit-de-limpeza-ecrans-escova-microfibraspincel-e-liquido\/"},"modified":"2022-07-04T16:09:06","modified_gmt":"2022-07-04T16:09:06","slug":"kit-de-limpeza-ecrans-escova-microfibraspincel-e-liquido","status":"publish","type":"product","link":"https:\/\/simoffice.pt\/index.php\/product\/kit-de-limpeza-ecrans-escova-microfibraspincel-e-liquido\/","title":{"rendered":"Kit de limpeza ecrans &#8211; escova, microfibras,pincel e liquido"},"content":{"rendered":"<p>Caracter\u00edsticas<\/p>\n<p>Ideal para todo o tipo de monitores<br \/>\nl\u00edquido de limpeza armazenado no interior da pega da escova e envoltos em capa protetora<br \/>\nO kit cont\u00e9m:<br \/>\n1x: l\u00edquido de limpeza<br \/>\n1x: Escova<br \/>\n1x: limpador de micro-fibras macias<\/p>\n<p>Especifica\u00e7\u00f5es<\/p>\n<p>l\u00edquido de limpeza: 20ml<br \/>\ndimens\u00f5es: \u00b1 180 x 50 x 75 mil\u00edmetros<br \/>\nescova: 100 ~ 140 x 32 x 22 mil\u00edmetros<br \/>\nPeso: 210g \u00b1<\/p>\n<p>Informa\u00e7\u00e3o Sobre a Embalagem<\/p>\n<p>Tipo de Embalagem: Duplo Blister<\/p>\n","protected":false},"excerpt":{"rendered":"<p>Caracter\u00edsticas Ideal para todo o tipo de monitores l\u00edquido de limpeza armazenado no interior da pega da escova e envoltos em capa protetora O kit cont\u00e9m: 1x: l\u00edquido de limpeza 1x: Escova 1x: limpador de micro-fibras macias Especifica\u00e7\u00f5es l\u00edquido de limpeza: 20ml dimens\u00f5es: \u00b1 180 x 50 x 75 mil\u00edmetros escova: 100 ~ 140 x [&hellip;]<\/p>\n","protected":false},"featured_media":6415,"template":"","meta":[],"product_cat":[74],"product_tag":[],"_links":{"self":[{"href":"https:\/\/simoffice.pt\/index.php\/wp-json\/wp\/v2\/product\/6414"}],"collection":[{"href":"https:\/\/simoffice.pt\/index.php\/wp-json\/wp\/v2\/product"}],"about":[{"href":"https:\/\/simoffice.pt\/index.php\/wp-json\/wp\/v2\/types\/product"}],"wp:featuredmedia":[{"embeddable":true,"href":"https:\/\/simoffice.pt\/index.php\/wp-json\/wp\/v2\/media\/6415"}],"wp:attachment":[{"href":"https:\/\/simoffice.pt\/index.php\/wp-json\/wp\/v2\/media?parent=6414"}],"wp:term":[{"taxonomy":"product_cat","embeddable":true,"href":"https:\/\/simoffice.pt\/index.php\/wp-json\/wp\/v2\/product_cat?post=6414"},{"taxonomy":"product_tag","embeddable":true,"href":"https:\/\/simoffice.pt\/index.php\/wp-json\/wp\/v2\/product_tag?post=6414"}],"curies":[{"name":"wp","href":"https:\/\/api.w.org\/{rel}","templated":true}]}}