{"id":6393,"date":"2022-07-04T16:07:48","date_gmt":"2022-07-04T16:07:48","guid":{"rendered":"https:\/\/simoffice.pt\/index.php\/product\/recarga-de-caderno-arc-a5-50-folhas-pautadas-branco\/"},"modified":"2022-07-04T16:07:56","modified_gmt":"2022-07-04T16:07:56","slug":"recarga-de-caderno-arc-a5-50-folhas-pautadas-branco","status":"publish","type":"product","link":"https:\/\/simoffice.pt\/index.php\/product\/recarga-de-caderno-arc-a5-50-folhas-pautadas-branco\/","title":{"rendered":"Recarga de Caderno ARC, A5, 50 Folhas, Pautadas, Branco"},"content":{"rendered":"<p>Escrita suave e confort\u00e1vel.<br \/>\nO design ultra flex\u00edvel do caderno M by Staples\u00ae ARC permite-lhe adicionar, retirar e reorganizar p\u00e1ginas e acess\u00f3rios de acordo com as suas necessidades.<br \/>\nOrganize todas as suas notas, tarefas e agenda com o sistema de organiza\u00e7\u00e3o personaliz\u00e1vel M by Staples\u00ae ARC. Utilize recargas ou aumente a capacidade do seu caderno M by Staples\u00ae ARC com este conjunto de folhas pautadas reposicion\u00e1veis. Cada conjunto de recargas A5 cont\u00e9m 50 folhas de elevada gramagem (100 g\/m\u00b2). O papel proporciona uma escrita suave, possuindo um design que facilita o reposicionamento das folhas a qualquer momento.<br \/>\nLinha de assunto para t\u00edtulos e datas de projetos<br \/>\nPapel de elevada gramagem (100 g\/m\u00b2)<br \/>\n50 folhas reposicion\u00e1veis com um pautado de menores dimens\u00f5es<br \/>\nBasta recarregar para continuar a escrever<br \/>\nFormato A5, 148 x 210 mm<\/p>\n","protected":false},"excerpt":{"rendered":"<p>Escrita suave e confort\u00e1vel. O design ultra flex\u00edvel do caderno M by Staples\u00ae ARC permite-lhe adicionar, retirar e reorganizar p\u00e1ginas e acess\u00f3rios de acordo com as suas necessidades. Organize todas as suas notas, tarefas e agenda com o sistema de organiza\u00e7\u00e3o personaliz\u00e1vel M by Staples\u00ae ARC. Utilize recargas ou aumente a capacidade do seu caderno [&hellip;]<\/p>\n","protected":false},"featured_media":6395,"template":"","meta":[],"product_cat":[74],"product_tag":[],"_links":{"self":[{"href":"https:\/\/simoffice.pt\/index.php\/wp-json\/wp\/v2\/product\/6393"}],"collection":[{"href":"https:\/\/simoffice.pt\/index.php\/wp-json\/wp\/v2\/product"}],"about":[{"href":"https:\/\/simoffice.pt\/index.php\/wp-json\/wp\/v2\/types\/product"}],"wp:featuredmedia":[{"embeddable":true,"href":"https:\/\/simoffice.pt\/index.php\/wp-json\/wp\/v2\/media\/6395"}],"wp:attachment":[{"href":"https:\/\/simoffice.pt\/index.php\/wp-json\/wp\/v2\/media?parent=6393"}],"wp:term":[{"taxonomy":"product_cat","embeddable":true,"href":"https:\/\/simoffice.pt\/index.php\/wp-json\/wp\/v2\/product_cat?post=6393"},{"taxonomy":"product_tag","embeddable":true,"href":"https:\/\/simoffice.pt\/index.php\/wp-json\/wp\/v2\/product_tag?post=6393"}],"curies":[{"name":"wp","href":"https:\/\/api.w.org\/{rel}","templated":true}]}}