{"id":6372,"date":"2022-07-04T16:06:37","date_gmt":"2022-07-04T16:06:37","guid":{"rendered":"https:\/\/simoffice.pt\/index.php\/product\/rolo-papel-cenario-100gr-1000mmx10mt\/"},"modified":"2022-07-04T16:06:43","modified_gmt":"2022-07-04T16:06:43","slug":"rolo-papel-cenario-100gr-1000mmx10mt","status":"publish","type":"product","link":"https:\/\/simoffice.pt\/index.php\/product\/rolo-papel-cenario-100gr-1000mmx10mt\/","title":{"rendered":"Rolo Papel Cenario 100gr 1000mmx10mt"},"content":{"rendered":"<p>Ideal para creches, infant\u00e1rios e escolas. Devido ao seu tamanho \u00e9 ideal para desenho e pintura, de grandes dimens\u00f5es permitindo criar cen\u00e1rios, hist\u00f3rias entre outros.<\/p>\n","protected":false},"excerpt":{"rendered":"<p>Ideal para creches, infant\u00e1rios e escolas. Devido ao seu tamanho \u00e9 ideal para desenho e pintura, de grandes dimens\u00f5es permitindo criar cen\u00e1rios, hist\u00f3rias entre outros.<\/p>\n","protected":false},"featured_media":6373,"template":"","meta":[],"product_cat":[74],"product_tag":[],"_links":{"self":[{"href":"https:\/\/simoffice.pt\/index.php\/wp-json\/wp\/v2\/product\/6372"}],"collection":[{"href":"https:\/\/simoffice.pt\/index.php\/wp-json\/wp\/v2\/product"}],"about":[{"href":"https:\/\/simoffice.pt\/index.php\/wp-json\/wp\/v2\/types\/product"}],"wp:featuredmedia":[{"embeddable":true,"href":"https:\/\/simoffice.pt\/index.php\/wp-json\/wp\/v2\/media\/6373"}],"wp:attachment":[{"href":"https:\/\/simoffice.pt\/index.php\/wp-json\/wp\/v2\/media?parent=6372"}],"wp:term":[{"taxonomy":"product_cat","embeddable":true,"href":"https:\/\/simoffice.pt\/index.php\/wp-json\/wp\/v2\/product_cat?post=6372"},{"taxonomy":"product_tag","embeddable":true,"href":"https:\/\/simoffice.pt\/index.php\/wp-json\/wp\/v2\/product_tag?post=6372"}],"curies":[{"name":"wp","href":"https:\/\/api.w.org\/{rel}","templated":true}]}}