{"id":6340,"date":"2022-07-04T16:05:03","date_gmt":"2022-07-04T16:05:03","guid":{"rendered":"https:\/\/simoffice.pt\/index.php\/product\/plasticina-giotto-patplume-conjunto-sortido-18x20gr\/"},"modified":"2022-07-04T16:05:09","modified_gmt":"2022-07-04T16:05:09","slug":"plasticina-giotto-patplume-conjunto-sortido-18x20gr","status":"publish","type":"product","link":"https:\/\/simoffice.pt\/index.php\/product\/plasticina-giotto-patplume-conjunto-sortido-18x20gr\/","title":{"rendered":"Plasticina Giotto Patplume Conjunto Sortido 18x20gr"},"content":{"rendered":"<p>Pasta vegetal colorida e mold\u00e1vel. Cores que se podem<br \/>\nmisturar entre si. N\u00e3o mancha e desmolda-se com grande facilidade. Ideal para estimular a criatividade das crian\u00e7as.<br \/>\nN\u00e3o cont\u00e9m gl\u00faten.<\/p>\n<p>inclui:<br \/>\n14 cores + 4 cores fluorecentes + 1 espat\u00fala<\/p>\n","protected":false},"excerpt":{"rendered":"<p>Pasta vegetal colorida e mold\u00e1vel. Cores que se podem misturar entre si. N\u00e3o mancha e desmolda-se com grande facilidade. Ideal para estimular a criatividade das crian\u00e7as. N\u00e3o cont\u00e9m gl\u00faten. inclui: 14 cores + 4 cores fluorecentes + 1 espat\u00fala<\/p>\n","protected":false},"featured_media":6341,"template":"","meta":[],"product_cat":[74],"product_tag":[],"_links":{"self":[{"href":"https:\/\/simoffice.pt\/index.php\/wp-json\/wp\/v2\/product\/6340"}],"collection":[{"href":"https:\/\/simoffice.pt\/index.php\/wp-json\/wp\/v2\/product"}],"about":[{"href":"https:\/\/simoffice.pt\/index.php\/wp-json\/wp\/v2\/types\/product"}],"wp:featuredmedia":[{"embeddable":true,"href":"https:\/\/simoffice.pt\/index.php\/wp-json\/wp\/v2\/media\/6341"}],"wp:attachment":[{"href":"https:\/\/simoffice.pt\/index.php\/wp-json\/wp\/v2\/media?parent=6340"}],"wp:term":[{"taxonomy":"product_cat","embeddable":true,"href":"https:\/\/simoffice.pt\/index.php\/wp-json\/wp\/v2\/product_cat?post=6340"},{"taxonomy":"product_tag","embeddable":true,"href":"https:\/\/simoffice.pt\/index.php\/wp-json\/wp\/v2\/product_tag?post=6340"}],"curies":[{"name":"wp","href":"https:\/\/api.w.org\/{rel}","templated":true}]}}