{"id":6332,"date":"2022-07-04T16:04:38","date_gmt":"2022-07-04T16:04:38","guid":{"rendered":"https:\/\/simoffice.pt\/index.php\/product\/lapis-cor-caran-dache-fancolor-cx-metalica-18-cores\/"},"modified":"2022-07-04T16:04:45","modified_gmt":"2022-07-04T16:04:45","slug":"lapis-cor-caran-dache-fancolor-cx-metalica-18-cores","status":"publish","type":"product","link":"https:\/\/simoffice.pt\/index.php\/product\/lapis-cor-caran-dache-fancolor-cx-metalica-18-cores\/","title":{"rendered":"Lapis Cor Caran DAche Fancolor Cx Metalica 18 Cores"},"content":{"rendered":"<p>Lapis Cor aguarelaveis<br \/>\nSoluveis em agua para desenho de criancas e professores.<\/p>\n<p>Macio, l\u00e1pis de chumbo resistentes em cores luminosas. Para os f\u00e3s de colorir -in , crian\u00e7as e estudantes. Tamb\u00e9m pode ser usado para aguarela .<\/p>\n<p>Aplica\u00e7\u00f5es: Recomendado para jovens artistas e colorir .<\/p>\n<p>Descri\u00e7\u00e3o t\u00e9cnica :<br \/>\nTipo: sol\u00favel em \u00e1gua, forma hexagonal para \u00f3ptima ader\u00eancia<br \/>\nChumbo: sol\u00favel em \u00e1gua, suave e resistente. 2.8 mm de di\u00e2metro<br \/>\nL\u00e1pis : hexagonal, envernizado na mesma cor que a lideran\u00e7a<\/p>\n<p>T\u00e9cnicas: aquarela, choque, sombreamento, lavar desenho, combina\u00e7\u00f5es ilimitadas, meios mistos combinados com NEOCOLOR\u00ae past\u00e9is de \u00f3leo de cera e guache.<\/p>\n","protected":false},"excerpt":{"rendered":"<p>Lapis Cor aguarelaveis Soluveis em agua para desenho de criancas e professores. Macio, l\u00e1pis de chumbo resistentes em cores luminosas. Para os f\u00e3s de colorir -in , crian\u00e7as e estudantes. Tamb\u00e9m pode ser usado para aguarela . Aplica\u00e7\u00f5es: Recomendado para jovens artistas e colorir . Descri\u00e7\u00e3o t\u00e9cnica : Tipo: sol\u00favel em \u00e1gua, forma hexagonal para [&hellip;]<\/p>\n","protected":false},"featured_media":6333,"template":"","meta":[],"product_cat":[74],"product_tag":[],"_links":{"self":[{"href":"https:\/\/simoffice.pt\/index.php\/wp-json\/wp\/v2\/product\/6332"}],"collection":[{"href":"https:\/\/simoffice.pt\/index.php\/wp-json\/wp\/v2\/product"}],"about":[{"href":"https:\/\/simoffice.pt\/index.php\/wp-json\/wp\/v2\/types\/product"}],"wp:featuredmedia":[{"embeddable":true,"href":"https:\/\/simoffice.pt\/index.php\/wp-json\/wp\/v2\/media\/6333"}],"wp:attachment":[{"href":"https:\/\/simoffice.pt\/index.php\/wp-json\/wp\/v2\/media?parent=6332"}],"wp:term":[{"taxonomy":"product_cat","embeddable":true,"href":"https:\/\/simoffice.pt\/index.php\/wp-json\/wp\/v2\/product_cat?post=6332"},{"taxonomy":"product_tag","embeddable":true,"href":"https:\/\/simoffice.pt\/index.php\/wp-json\/wp\/v2\/product_tag?post=6332"}],"curies":[{"name":"wp","href":"https:\/\/api.w.org\/{rel}","templated":true}]}}