{"id":6248,"date":"2022-07-04T16:00:15","date_gmt":"2022-07-04T16:00:15","guid":{"rendered":"https:\/\/simoffice.pt\/index.php\/product\/ventoinha-de-parede-55w-40cm-equation\/"},"modified":"2022-07-04T16:00:21","modified_gmt":"2022-07-04T16:00:21","slug":"ventoinha-de-parede-55w-40cm-equation","status":"publish","type":"product","link":"https:\/\/simoffice.pt\/index.php\/product\/ventoinha-de-parede-55w-40cm-equation\/","title":{"rendered":"Vento\u00ednha de Parede 55w 40cm Equation"},"content":{"rendered":"<p>VENTOINHA DE PAREDE 55W 40CM EQUATION<br \/>\nGarantia: 2Altura (m): 0.73Largura (m): 0.45Profundidade (m): 0.27Peso (kg): 3.46Altura embalagem (m): 0.73Largura embalagem (m): 0.45Profundidade embalagem (m): 0.27Peso embalagem (kg) : 3.46Numero de Volumes (embalagem): 1Pot\u00eancia (W): 55Di\u00e2metro (cm): 40Temporizador: SimTipo de produto: Ventoinha de paredeAlimenta\u00e7\u00e3o: El\u00e9tricaMaterial principal: MetalMaterial das p\u00e1s: MetalCor: CromadoFun\u00e7\u00e3o ioniza\u00e7\u00e3o: N\u00e3oMotor DC: N\u00e3oEcr\u00e3 digital: SimFixa\u00e7\u00e3o mural poss\u00edvel: SimModo de funcionamento: NormalInclin\u00e1vel: SimOscila\u00e7\u00e3o: SimN\u00famero de velocidades: 3Comando \u00e0 dist\u00e2ncia: Sim<\/p>\n","protected":false},"excerpt":{"rendered":"<p>VENTOINHA DE PAREDE 55W 40CM EQUATION Garantia: 2Altura (m): 0.73Largura (m): 0.45Profundidade (m): 0.27Peso (kg): 3.46Altura embalagem (m): 0.73Largura embalagem (m): 0.45Profundidade embalagem (m): 0.27Peso embalagem (kg) : 3.46Numero de Volumes (embalagem): 1Pot\u00eancia (W): 55Di\u00e2metro (cm): 40Temporizador: SimTipo de produto: Ventoinha de paredeAlimenta\u00e7\u00e3o: El\u00e9tricaMaterial principal: MetalMaterial das p\u00e1s: MetalCor: CromadoFun\u00e7\u00e3o ioniza\u00e7\u00e3o: N\u00e3oMotor DC: N\u00e3oEcr\u00e3 digital: [&hellip;]<\/p>\n","protected":false},"featured_media":6249,"template":"","meta":[],"product_cat":[78],"product_tag":[],"_links":{"self":[{"href":"https:\/\/simoffice.pt\/index.php\/wp-json\/wp\/v2\/product\/6248"}],"collection":[{"href":"https:\/\/simoffice.pt\/index.php\/wp-json\/wp\/v2\/product"}],"about":[{"href":"https:\/\/simoffice.pt\/index.php\/wp-json\/wp\/v2\/types\/product"}],"wp:featuredmedia":[{"embeddable":true,"href":"https:\/\/simoffice.pt\/index.php\/wp-json\/wp\/v2\/media\/6249"}],"wp:attachment":[{"href":"https:\/\/simoffice.pt\/index.php\/wp-json\/wp\/v2\/media?parent=6248"}],"wp:term":[{"taxonomy":"product_cat","embeddable":true,"href":"https:\/\/simoffice.pt\/index.php\/wp-json\/wp\/v2\/product_cat?post=6248"},{"taxonomy":"product_tag","embeddable":true,"href":"https:\/\/simoffice.pt\/index.php\/wp-json\/wp\/v2\/product_tag?post=6248"}],"curies":[{"name":"wp","href":"https:\/\/api.w.org\/{rel}","templated":true}]}}