{"id":6161,"date":"2022-07-04T15:55:52","date_gmt":"2022-07-04T15:55:52","guid":{"rendered":"https:\/\/simoffice.pt\/index.php\/product\/microsoft-surface-pro-i7-256g-8g-12-w10p-type-cover-s-caneta\/"},"modified":"2022-07-04T15:55:58","modified_gmt":"2022-07-04T15:55:58","slug":"microsoft-surface-pro-i7-256g-8g-12-w10p-type-cover-s-caneta","status":"publish","type":"product","link":"https:\/\/simoffice.pt\/index.php\/product\/microsoft-surface-pro-i7-256g-8g-12-w10p-type-cover-s-caneta\/","title":{"rendered":"MICROSOFT Surface PRO i7 256G 8G 12&#8243; W10P + Type Cover s\/ Caneta"},"content":{"rendered":"<p>Microsoft Pro, Surface. Tamanho do ecr\u00e3 na diagonal (pol.): 31,2 cm (12.3&#8243;), Resolu\u00e7\u00e3o: 2736 x 1824 pixels, Tecnologia touch: Multitoque. Frequ\u00eancia do processador: 2,8 GHz, Fam\u00edlia de processador: 7th gen Intel Core i7, Modelo de processador: i7-7660U. Capacidade da mem\u00f3ria incorporada: 8 GB. Capacidade de armazenamento interno: 256 GB, Tipos de Cart\u00e3o de Mem\u00f3ria: MicroSD (TransFlash),MicroSDHC,MicroSDXC, Armazenamento: SSD. Fam\u00edlia de adaptadores gr\u00e1ficos: Intel, Driver de adaptador v\u00eddeo: Iris Plus Graphics 640; Inclui Capa Teclado Preto<\/p>\n","protected":false},"excerpt":{"rendered":"<p>Microsoft Pro, Surface. Tamanho do ecr\u00e3 na diagonal (pol.): 31,2 cm (12.3&#8243;), Resolu\u00e7\u00e3o: 2736 x 1824 pixels, Tecnologia touch: Multitoque. Frequ\u00eancia do processador: 2,8 GHz, Fam\u00edlia de processador: 7th gen Intel Core i7, Modelo de processador: i7-7660U. Capacidade da mem\u00f3ria incorporada: 8 GB. Capacidade de armazenamento interno: 256 GB, Tipos de Cart\u00e3o de Mem\u00f3ria: MicroSD [&hellip;]<\/p>\n","protected":false},"featured_media":6162,"template":"","meta":[],"product_cat":[75],"product_tag":[],"_links":{"self":[{"href":"https:\/\/simoffice.pt\/index.php\/wp-json\/wp\/v2\/product\/6161"}],"collection":[{"href":"https:\/\/simoffice.pt\/index.php\/wp-json\/wp\/v2\/product"}],"about":[{"href":"https:\/\/simoffice.pt\/index.php\/wp-json\/wp\/v2\/types\/product"}],"wp:featuredmedia":[{"embeddable":true,"href":"https:\/\/simoffice.pt\/index.php\/wp-json\/wp\/v2\/media\/6162"}],"wp:attachment":[{"href":"https:\/\/simoffice.pt\/index.php\/wp-json\/wp\/v2\/media?parent=6161"}],"wp:term":[{"taxonomy":"product_cat","embeddable":true,"href":"https:\/\/simoffice.pt\/index.php\/wp-json\/wp\/v2\/product_cat?post=6161"},{"taxonomy":"product_tag","embeddable":true,"href":"https:\/\/simoffice.pt\/index.php\/wp-json\/wp\/v2\/product_tag?post=6161"}],"curies":[{"name":"wp","href":"https:\/\/api.w.org\/{rel}","templated":true}]}}