{"id":6109,"date":"2022-07-04T15:53:20","date_gmt":"2022-07-04T15:53:20","guid":{"rendered":"https:\/\/simoffice.pt\/index.php\/product\/iris-scanner-anywhere-3-wifi-win-mac-tipo-regua\/"},"modified":"2022-07-04T15:53:26","modified_gmt":"2022-07-04T15:53:26","slug":"iris-scanner-anywhere-3-wifi-win-mac-tipo-regua","status":"publish","type":"product","link":"https:\/\/simoffice.pt\/index.php\/product\/iris-scanner-anywhere-3-wifi-win-mac-tipo-regua\/","title":{"rendered":"IRIS Scanner AnyWhere 3 WIFI &#8211; WIN\/MAC &#8211; Tipo Regua"},"content":{"rendered":"<p>Scanner m\u00f3vel Alimentado por bateria e extremamente compacto. Sem necessidade de cabos ou computador para digitalizar. Resolu\u00e7\u00f5es de digitaliza\u00e7\u00e3o: 300\/600\/1200 dpi. Tela colorida TFT de 1,44&#8243; para visualiza\u00e7\u00e3o instant\u00e2nea da digitaliza\u00e7\u00e3o. Velocidade de digitaliza\u00e7\u00e3o A4\/Cor 300\/600dpi: 12 p\u00e1ginas por min &#8211; 1200dpi: 8 p\u00e1ginas por min. Salve as digitaliza\u00e7\u00f5es diretamente no cart\u00e3o microSD at\u00e9 32 GB .Cart\u00e3o MicroSD GR\u00c1TIS inclu\u00eddo. TMCompartilhe suas digitaliza\u00e7\u00f5es via Wi-Fi com QUALQUER dispositivo( iOS\/Android Y PC\/Mac) Aplicativos iOS\/Android para transfer\u00eancia f\u00e1cil por Wi-Fi para tablet e smartphone<\/p>\n","protected":false},"excerpt":{"rendered":"<p>Scanner m\u00f3vel Alimentado por bateria e extremamente compacto. Sem necessidade de cabos ou computador para digitalizar. Resolu\u00e7\u00f5es de digitaliza\u00e7\u00e3o: 300\/600\/1200 dpi. Tela colorida TFT de 1,44&#8243; para visualiza\u00e7\u00e3o instant\u00e2nea da digitaliza\u00e7\u00e3o. Velocidade de digitaliza\u00e7\u00e3o A4\/Cor 300\/600dpi: 12 p\u00e1ginas por min &#8211; 1200dpi: 8 p\u00e1ginas por min. Salve as digitaliza\u00e7\u00f5es diretamente no cart\u00e3o microSD at\u00e9 32 [&hellip;]<\/p>\n","protected":false},"featured_media":6110,"template":"","meta":[],"product_cat":[75],"product_tag":[],"_links":{"self":[{"href":"https:\/\/simoffice.pt\/index.php\/wp-json\/wp\/v2\/product\/6109"}],"collection":[{"href":"https:\/\/simoffice.pt\/index.php\/wp-json\/wp\/v2\/product"}],"about":[{"href":"https:\/\/simoffice.pt\/index.php\/wp-json\/wp\/v2\/types\/product"}],"wp:featuredmedia":[{"embeddable":true,"href":"https:\/\/simoffice.pt\/index.php\/wp-json\/wp\/v2\/media\/6110"}],"wp:attachment":[{"href":"https:\/\/simoffice.pt\/index.php\/wp-json\/wp\/v2\/media?parent=6109"}],"wp:term":[{"taxonomy":"product_cat","embeddable":true,"href":"https:\/\/simoffice.pt\/index.php\/wp-json\/wp\/v2\/product_cat?post=6109"},{"taxonomy":"product_tag","embeddable":true,"href":"https:\/\/simoffice.pt\/index.php\/wp-json\/wp\/v2\/product_tag?post=6109"}],"curies":[{"name":"wp","href":"https:\/\/api.w.org\/{rel}","templated":true}]}}