{"id":6083,"date":"2022-07-04T15:52:02","date_gmt":"2022-07-04T15:52:02","guid":{"rendered":"https:\/\/simoffice.pt\/index.php\/product\/hp-color-laserjet-pro-mfp-m281fdn\/"},"modified":"2022-07-04T15:52:08","modified_gmt":"2022-07-04T15:52:08","slug":"hp-color-laserjet-pro-mfp-m281fdn","status":"publish","type":"product","link":"https:\/\/simoffice.pt\/index.php\/product\/hp-color-laserjet-pro-mfp-m281fdn\/","title":{"rendered":"HP Color LaserJet Pro MFP M281fdn"},"content":{"rendered":"<p>Monitores<br \/>\nTamanho do ecr\u00e3 na diagonal (pol.) 6,86 cm (2.7&#8243;)<br \/>\nVisor incorporado<br \/>\nConectividade<br \/>\nInterfaces standard USB 2.0<br \/>\nPesos e dimens\u00f5es<br \/>\nLargura do produto 420 mm<br \/>\nProfundidade da Unidade 475 mm<br \/>\nAltura da Unidade 338 mm<br \/>\nPeso do produto 187 kg<br \/>\nPeso incl. Embalagem 215 kg<br \/>\nVelocidade de impress\u00e3o<br \/>\nResolu\u00e7\u00e3o M\u00e1xima 600 x 600 DPI<br \/>\nIdiomas de s\u00e9rie de impressora PCL 5c,PCL 6,PCLm,PostScript 3,URF<br \/>\nVelocidade de impress\u00e3o (preto, qualidade normal, 21 ppm<br \/>\nVelocidade de impress\u00e3o (cores, qualidade normal, 21 ppm<br \/>\nPrimeira p\u00e1gina a sair (preto, A4) 10,6 s<br \/>\nPrimeira p\u00e1gina a sair (cores, US letter) 12 s<br \/>\nCapacidade de sa\u00edda<br \/>\nCapacidade standard de sa\u00edda (folhas) 100 folhas<br \/>\nCapacidade de entrada<br \/>\nCapacidade standard de entrada (folhas) 250 folhas<br \/>\nDigitaliza\u00e7\u00e3o<br \/>\n\u00c1rea m\u00e1xima de scan 215,9 x 355,6 mm<br \/>\nTipo de digitaliza\u00e7\u00e3o Flatbed &amp; ADF<br \/>\nDigitalizar para Email, Fax, Ficheiro, Imagem, USB<br \/>\nResolu\u00e7\u00e3o \u00f3ptica de digitaliza\u00e7\u00e3o 1200 x 1200 DPI<br \/>\nFormato de compress\u00e3o de imagens JPG,PNG,RAW,TIF<br \/>\nFormatos de documentos suportados PDF<br \/>\nCopiando<br \/>\nDimensionamento da copiadora 25 &#8211; 400%<br \/>\nN\u00famero m\u00e1ximo de c\u00f3pias 99 c\u00f3pias<br \/>\nResolu\u00e7\u00e3o de c\u00f3pia m\u00e1xima 600 x 600 DPI<br \/>\nVelocidade de c\u00f3pia (preto, qualidade normal, A4) 21 cpm<br \/>\nVelocidade de c\u00f3pia (cores, qualidade normal, A4) 21 cpm<br \/>\nFax<br \/>\nVelocidade do modem 33,6 Kbit\/s<br \/>\nN.\u00ba m\u00e1x. de locais de emiss\u00e3o 119 localiza\u00e7\u00f5es<br \/>\nP\u00e1ginas A4 guardadas na mem\u00f3ria 1300 p\u00e1ginas<br \/>\nResolu\u00e7\u00e3o de fax (preto e branco) 300 x 300 DPI<br \/>\nGest\u00e3o de energia<br \/>\nConsumo de energia (desligado) 0,1 W<br \/>\nFrequ\u00eancia de entrada AC 50<br \/>\nModo Sleep (adormecer) 1,2 W<br \/>\nPot\u00eancia m\u00e1xima durante impress\u00e3o 342 W<br \/>\nConsumo de energia (pronto) 8 W<br \/>\nCondi\u00e7\u00f5es ambientais<br \/>\nGama de humidade relativa 30 &#8211; 70%<br \/>\nTemperatura ambiente 15 &#8211; 30 \u00b0C<br \/>\nRede<br \/>\nEthernet LAN<br \/>\nTecnologia de impress\u00e3o m\u00f3vel Apple AirPrint,HP ePrint,Mopria Print Service<br \/>\nEthernet LAN taxa de transfer\u00eancia de dados 10,100,1000 Mbit\/s<br \/>\nEmiss\u00e3o de ru\u00eddos<br \/>\nN\u00edvel de ru\u00eddo 50 dB<br \/>\nImpress\u00e3o frente e verso, n\u00edvel de ru\u00eddo 50 dB<br \/>\nManipula\u00e7\u00e3o de papel<br \/>\nTamanhos ISO s\u00e9rie A (A0\u2026A9) A4,A5,A6<br \/>\nTamanhos de envelope 10, B5, C5, DL, Monarch<br \/>\nTamanhos JIS s\u00e9rie B (B0&#8230;B9) B5,B6<br \/>\nTamanho do papel de fotografia 10&#215;15 cm<br \/>\nTamanhos ISO s\u00e9rie C (C0\u2026C9) C5<br \/>\nDimens\u00e3o m\u00e1xima de papel ISO A-series A4<br \/>\nTipos de suporte de impress\u00e3o Papel de impress\u00e3o branco, Cartolina, Envelopes, Papel brilhante, Papel espesso, Etiquetas, Papel timbrado, Papel de fotografia, Papel em branco, Pr\u00e9-imprimido, Papel reciclado, Papel de rascunho, Transpar\u00eancias<br \/>\nTamanhos de impress\u00e3o de suportes Non-ISO 16K,Oficio (media size)<br \/>\nPeso do suporte de impress\u00e3o 60 &#8211; 163 g\/m\u00b2<br \/>\nTamanhos de papel fotogr\u00e1fico (imperial) 4&#215;6,5&#215;8<br \/>\nM\u00eddia de armazenamento<br \/>\nMem\u00f3ria interna m\u00e1xima 256 MB<br \/>\nCapacidade da mem\u00f3ria incorporada 256 MB<br \/>\nDesign<br \/>\nCor da caixa Branco<br \/>\nDesempenho<br \/>\nTecnologia de impress\u00e3o Laser<br \/>\nImpress\u00e3o Impress\u00e3o a cores<br \/>\nC\u00f3pia C\u00f3pia a cores<br \/>\nDigitaliza\u00e7\u00e3o Digitaliza\u00e7\u00e3o a cores<br \/>\nFun\u00e7\u00f5es duplex Impress\u00e3o<br \/>\nProcessador built-in<br \/>\nMulti-tarefas Tudo-Em-Um<br \/>\nFrequ\u00eancia do processador 800 MHz<br \/>\nVolume mensal de p\u00e1ginas recomendado 40000 p\u00e1ginas por m\u00eas<br \/>\nSoftware<br \/>\nSistema operativo Windows suportado Windows 10,Windows 7,Windows 8,Windows 8.1<br \/>\nSistema operativo Mac suportado Mac OS X 10.10 Yosemite,Mac OS X 10.11 El Capitan,Mac OS X 10.12 Sierra<br \/>\nConte\u00fado da embalagem<br \/>\nCartucho(s) inclu\u00eddo(s)<br \/>\nCabo inclu\u00eddo<br \/>\nCD de documenta\u00e7\u00e3o <\/p>\n","protected":false},"excerpt":{"rendered":"<p>Monitores Tamanho do ecr\u00e3 na diagonal (pol.) 6,86 cm (2.7&#8243;) Visor incorporado Conectividade Interfaces standard USB 2.0 Pesos e dimens\u00f5es Largura do produto 420 mm Profundidade da Unidade 475 mm Altura da Unidade 338 mm Peso do produto 187 kg Peso incl. Embalagem 215 kg Velocidade de impress\u00e3o Resolu\u00e7\u00e3o M\u00e1xima 600 x 600 DPI Idiomas [&hellip;]<\/p>\n","protected":false},"featured_media":6084,"template":"","meta":[],"product_cat":[75],"product_tag":[],"_links":{"self":[{"href":"https:\/\/simoffice.pt\/index.php\/wp-json\/wp\/v2\/product\/6083"}],"collection":[{"href":"https:\/\/simoffice.pt\/index.php\/wp-json\/wp\/v2\/product"}],"about":[{"href":"https:\/\/simoffice.pt\/index.php\/wp-json\/wp\/v2\/types\/product"}],"wp:featuredmedia":[{"embeddable":true,"href":"https:\/\/simoffice.pt\/index.php\/wp-json\/wp\/v2\/media\/6084"}],"wp:attachment":[{"href":"https:\/\/simoffice.pt\/index.php\/wp-json\/wp\/v2\/media?parent=6083"}],"wp:term":[{"taxonomy":"product_cat","embeddable":true,"href":"https:\/\/simoffice.pt\/index.php\/wp-json\/wp\/v2\/product_cat?post=6083"},{"taxonomy":"product_tag","embeddable":true,"href":"https:\/\/simoffice.pt\/index.php\/wp-json\/wp\/v2\/product_tag?post=6083"}],"curies":[{"name":"wp","href":"https:\/\/api.w.org\/{rel}","templated":true}]}}