{"id":6026,"date":"2022-07-04T15:49:01","date_gmt":"2022-07-04T15:49:01","guid":{"rendered":"https:\/\/simoffice.pt\/index.php\/product\/power-bank-eurotech-5200mah-preto\/"},"modified":"2022-07-04T15:49:07","modified_gmt":"2022-07-04T15:49:07","slug":"power-bank-eurotech-5200mah-preto","status":"publish","type":"product","link":"https:\/\/simoffice.pt\/index.php\/product\/power-bank-eurotech-5200mah-preto\/","title":{"rendered":"Power Bank Eurotech 5200MAH Preto"},"content":{"rendered":"<p>Power Bank EUROTECH em PRETO com 5200mAh, Li-Ion Polymer, especialmente concebidos para Tablets e Telem\u00f3veis. Compat\u00edvel com todos os dispositivos recarreg\u00e1veis (iPhone \/ iPod \/ MP3 \/ PDA \/ Telem\u00f3vel \/ Camera Digital \/ PSP) efacilmente transport\u00e1vel. Com indicador de energia LED azul. Facilidade de carregamento atrav\u00e9s de porta micro USB. Recarrega os seus dispositivos em qualquer altura.<\/p>\n","protected":false},"excerpt":{"rendered":"<p>Power Bank EUROTECH em PRETO com 5200mAh, Li-Ion Polymer, especialmente concebidos para Tablets e Telem\u00f3veis. Compat\u00edvel com todos os dispositivos recarreg\u00e1veis (iPhone \/ iPod \/ MP3 \/ PDA \/ Telem\u00f3vel \/ Camera Digital \/ PSP) efacilmente transport\u00e1vel. Com indicador de energia LED azul. Facilidade de carregamento atrav\u00e9s de porta micro USB. Recarrega os seus dispositivos [&hellip;]<\/p>\n","protected":false},"featured_media":6027,"template":"","meta":[],"product_cat":[75],"product_tag":[],"_links":{"self":[{"href":"https:\/\/simoffice.pt\/index.php\/wp-json\/wp\/v2\/product\/6026"}],"collection":[{"href":"https:\/\/simoffice.pt\/index.php\/wp-json\/wp\/v2\/product"}],"about":[{"href":"https:\/\/simoffice.pt\/index.php\/wp-json\/wp\/v2\/types\/product"}],"wp:featuredmedia":[{"embeddable":true,"href":"https:\/\/simoffice.pt\/index.php\/wp-json\/wp\/v2\/media\/6027"}],"wp:attachment":[{"href":"https:\/\/simoffice.pt\/index.php\/wp-json\/wp\/v2\/media?parent=6026"}],"wp:term":[{"taxonomy":"product_cat","embeddable":true,"href":"https:\/\/simoffice.pt\/index.php\/wp-json\/wp\/v2\/product_cat?post=6026"},{"taxonomy":"product_tag","embeddable":true,"href":"https:\/\/simoffice.pt\/index.php\/wp-json\/wp\/v2\/product_tag?post=6026"}],"curies":[{"name":"wp","href":"https:\/\/api.w.org\/{rel}","templated":true}]}}