{"id":6000,"date":"2022-07-04T15:47:40","date_gmt":"2022-07-04T15:47:40","guid":{"rendered":"https:\/\/simoffice.pt\/index.php\/product\/rexel-agrafador-eletrico-stella-70\/"},"modified":"2022-07-04T15:47:46","modified_gmt":"2022-07-04T15:47:46","slug":"rexel-agrafador-eletrico-stella-70","status":"publish","type":"product","link":"https:\/\/simoffice.pt\/index.php\/product\/rexel-agrafador-eletrico-stella-70\/","title":{"rendered":"Rexel Agrafador el\u00e9trico Stella 70"},"content":{"rendered":"<p>Passe para a vers\u00e3o el\u00e9trica! \u00c9 mais pr\u00e1tica!<br \/>\nMotor silencioso para uma utiliza\u00e7\u00e3o confort\u00e1vel.<br \/>\nMecanismo de desbloqueio para um rendimento eficaz.<br \/>\nSistema de ventosas destinado a prevenir o deslizamento da m\u00e1quina.<br \/>\nAgrafos totalmente achatados: pilhas de pap\u00e9is completamente planas.<br \/>\nAgrafador com batente de papel regul\u00e1vel.<\/p>\n","protected":false},"excerpt":{"rendered":"<p>Passe para a vers\u00e3o el\u00e9trica! \u00c9 mais pr\u00e1tica! Motor silencioso para uma utiliza\u00e7\u00e3o confort\u00e1vel. Mecanismo de desbloqueio para um rendimento eficaz. Sistema de ventosas destinado a prevenir o deslizamento da m\u00e1quina. Agrafos totalmente achatados: pilhas de pap\u00e9is completamente planas. Agrafador com batente de papel regul\u00e1vel.<\/p>\n","protected":false},"featured_media":6001,"template":"","meta":[],"product_cat":[74],"product_tag":[],"_links":{"self":[{"href":"https:\/\/simoffice.pt\/index.php\/wp-json\/wp\/v2\/product\/6000"}],"collection":[{"href":"https:\/\/simoffice.pt\/index.php\/wp-json\/wp\/v2\/product"}],"about":[{"href":"https:\/\/simoffice.pt\/index.php\/wp-json\/wp\/v2\/types\/product"}],"wp:featuredmedia":[{"embeddable":true,"href":"https:\/\/simoffice.pt\/index.php\/wp-json\/wp\/v2\/media\/6001"}],"wp:attachment":[{"href":"https:\/\/simoffice.pt\/index.php\/wp-json\/wp\/v2\/media?parent=6000"}],"wp:term":[{"taxonomy":"product_cat","embeddable":true,"href":"https:\/\/simoffice.pt\/index.php\/wp-json\/wp\/v2\/product_cat?post=6000"},{"taxonomy":"product_tag","embeddable":true,"href":"https:\/\/simoffice.pt\/index.php\/wp-json\/wp\/v2\/product_tag?post=6000"}],"curies":[{"name":"wp","href":"https:\/\/api.w.org\/{rel}","templated":true}]}}