{"id":5869,"date":"2022-07-04T15:41:02","date_gmt":"2022-07-04T15:41:02","guid":{"rendered":"https:\/\/simoffice.pt\/index.php\/product\/rato-vertical-mkplus-optico-1200-dpi-usb\/"},"modified":"2022-07-04T15:41:08","modified_gmt":"2022-07-04T15:41:08","slug":"rato-vertical-mkplus-optico-1200-dpi-usb","status":"publish","type":"product","link":"https:\/\/simoffice.pt\/index.php\/product\/rato-vertical-mkplus-optico-1200-dpi-usb\/","title":{"rendered":"Rato Vertical MKPLUS Optico, 1200 DPI, USB"},"content":{"rendered":"<p>Rato vertical MKPlus MS3000ERGO<br \/>\nTecnologia \u00f3ptica com 1000 dpi<br \/>\nFormato ergon\u00f3mico, recomendado por terapeutas<br \/>\nAfequado para utiliza\u00e7\u00e3o dextra<br \/>\nInterface USBRato vertical MKPlus V3000 Ergo, com sensor \u00f3ptico de 1000dpi, 1 roda de deslocamento vertical e 5 bot\u00f5es. Design ergon\u00f3mico, recomendado por terapeutas para reduzir les\u00f5es no antebra\u00e7o e pulso, para itiliza\u00e7\u00e3o dextra. Interface USB.<\/p>\n","protected":false},"excerpt":{"rendered":"<p>Rato vertical MKPlus MS3000ERGO Tecnologia \u00f3ptica com 1000 dpi Formato ergon\u00f3mico, recomendado por terapeutas Afequado para utiliza\u00e7\u00e3o dextra Interface USBRato vertical MKPlus V3000 Ergo, com sensor \u00f3ptico de 1000dpi, 1 roda de deslocamento vertical e 5 bot\u00f5es. Design ergon\u00f3mico, recomendado por terapeutas para reduzir les\u00f5es no antebra\u00e7o e pulso, para itiliza\u00e7\u00e3o dextra. Interface USB.<\/p>\n","protected":false},"featured_media":5870,"template":"","meta":[],"product_cat":[75],"product_tag":[],"_links":{"self":[{"href":"https:\/\/simoffice.pt\/index.php\/wp-json\/wp\/v2\/product\/5869"}],"collection":[{"href":"https:\/\/simoffice.pt\/index.php\/wp-json\/wp\/v2\/product"}],"about":[{"href":"https:\/\/simoffice.pt\/index.php\/wp-json\/wp\/v2\/types\/product"}],"wp:featuredmedia":[{"embeddable":true,"href":"https:\/\/simoffice.pt\/index.php\/wp-json\/wp\/v2\/media\/5870"}],"wp:attachment":[{"href":"https:\/\/simoffice.pt\/index.php\/wp-json\/wp\/v2\/media?parent=5869"}],"wp:term":[{"taxonomy":"product_cat","embeddable":true,"href":"https:\/\/simoffice.pt\/index.php\/wp-json\/wp\/v2\/product_cat?post=5869"},{"taxonomy":"product_tag","embeddable":true,"href":"https:\/\/simoffice.pt\/index.php\/wp-json\/wp\/v2\/product_tag?post=5869"}],"curies":[{"name":"wp","href":"https:\/\/api.w.org\/{rel}","templated":true}]}}