{"id":5839,"date":"2022-07-04T15:39:32","date_gmt":"2022-07-04T15:39:32","guid":{"rendered":"https:\/\/simoffice.pt\/index.php\/product\/oculos-serie-2890\/"},"modified":"2022-07-04T15:39:38","modified_gmt":"2022-07-04T15:39:38","slug":"oculos-serie-2890","status":"publish","type":"product","link":"https:\/\/simoffice.pt\/index.php\/product\/oculos-serie-2890\/","title":{"rendered":"Oculos serie 2890"},"content":{"rendered":"<p>Com design moderno e elegante , est\u00e3o disponiveis em 4 vers\u00f5es diferentes: Com lentes de acetato ou policarbonato, selados ou com ventila\u00e7\u00e3o direta.S\u00e3o adequados para diversas aplica\u00e7\u00f5es que requerem \u00f3culos de prote\u00e7\u00e3o vers\u00e1teis e confort\u00e1veis.<\/p>\n","protected":false},"excerpt":{"rendered":"<p>Com design moderno e elegante , est\u00e3o disponiveis em 4 vers\u00f5es diferentes: Com lentes de acetato ou policarbonato, selados ou com ventila\u00e7\u00e3o direta.S\u00e3o adequados para diversas aplica\u00e7\u00f5es que requerem \u00f3culos de prote\u00e7\u00e3o vers\u00e1teis e confort\u00e1veis.<\/p>\n","protected":false},"featured_media":5840,"template":"","meta":[],"product_cat":[74],"product_tag":[],"_links":{"self":[{"href":"https:\/\/simoffice.pt\/index.php\/wp-json\/wp\/v2\/product\/5839"}],"collection":[{"href":"https:\/\/simoffice.pt\/index.php\/wp-json\/wp\/v2\/product"}],"about":[{"href":"https:\/\/simoffice.pt\/index.php\/wp-json\/wp\/v2\/types\/product"}],"wp:featuredmedia":[{"embeddable":true,"href":"https:\/\/simoffice.pt\/index.php\/wp-json\/wp\/v2\/media\/5840"}],"wp:attachment":[{"href":"https:\/\/simoffice.pt\/index.php\/wp-json\/wp\/v2\/media?parent=5839"}],"wp:term":[{"taxonomy":"product_cat","embeddable":true,"href":"https:\/\/simoffice.pt\/index.php\/wp-json\/wp\/v2\/product_cat?post=5839"},{"taxonomy":"product_tag","embeddable":true,"href":"https:\/\/simoffice.pt\/index.php\/wp-json\/wp\/v2\/product_tag?post=5839"}],"curies":[{"name":"wp","href":"https:\/\/api.w.org\/{rel}","templated":true}]}}