{"id":5798,"date":"2022-07-04T15:37:27","date_gmt":"2022-07-04T15:37:27","guid":{"rendered":"https:\/\/simoffice.pt\/index.php\/product\/pilha-lithium-2016-30v-85mah-5un-blister\/"},"modified":"2022-07-04T15:37:33","modified_gmt":"2022-07-04T15:37:33","slug":"pilha-lithium-2016-30v-85mah-5un-blister","status":"publish","type":"product","link":"https:\/\/simoffice.pt\/index.php\/product\/pilha-lithium-2016-30v-85mah-5un-blister\/","title":{"rendered":"Pilha Lithium 2016 3,0V 85mAh 5un \/ blister"},"content":{"rendered":"<p>Especifica\u00e7\u00f5es<\/p>\n<p>Voltagem nominal: 3.0V<br \/>\ncapacidade: 85mAh<br \/>\nIEC: CR2016<br \/>\nformato: &#8211;<br \/>\noutros: 5000LC<br \/>\ndimens\u00f5es: 20 x 1,6 mil\u00edmetros<br \/>\nPacote: 5 batt. em blister<\/p>\n<p>Informa\u00e7\u00f5es da embalagem<\/p>\n<p>Tipo de embalagem: Blister cart\u00e3o<\/p>\n","protected":false},"excerpt":{"rendered":"<p>Especifica\u00e7\u00f5es Voltagem nominal: 3.0V capacidade: 85mAh IEC: CR2016 formato: &#8211; outros: 5000LC dimens\u00f5es: 20 x 1,6 mil\u00edmetros Pacote: 5 batt. em blister Informa\u00e7\u00f5es da embalagem Tipo de embalagem: Blister cart\u00e3o<\/p>\n","protected":false},"featured_media":5799,"template":"","meta":[],"product_cat":[74],"product_tag":[],"_links":{"self":[{"href":"https:\/\/simoffice.pt\/index.php\/wp-json\/wp\/v2\/product\/5798"}],"collection":[{"href":"https:\/\/simoffice.pt\/index.php\/wp-json\/wp\/v2\/product"}],"about":[{"href":"https:\/\/simoffice.pt\/index.php\/wp-json\/wp\/v2\/types\/product"}],"wp:featuredmedia":[{"embeddable":true,"href":"https:\/\/simoffice.pt\/index.php\/wp-json\/wp\/v2\/media\/5799"}],"wp:attachment":[{"href":"https:\/\/simoffice.pt\/index.php\/wp-json\/wp\/v2\/media?parent=5798"}],"wp:term":[{"taxonomy":"product_cat","embeddable":true,"href":"https:\/\/simoffice.pt\/index.php\/wp-json\/wp\/v2\/product_cat?post=5798"},{"taxonomy":"product_tag","embeddable":true,"href":"https:\/\/simoffice.pt\/index.php\/wp-json\/wp\/v2\/product_tag?post=5798"}],"curies":[{"name":"wp","href":"https:\/\/api.w.org\/{rel}","templated":true}]}}