{"id":5582,"date":"2022-07-04T15:26:20","date_gmt":"2022-07-04T15:26:20","guid":{"rendered":"https:\/\/simoffice.pt\/index.php\/product\/creative-colunas-a60-2-0-black\/"},"modified":"2022-07-04T15:26:26","modified_gmt":"2022-07-04T15:26:26","slug":"creative-colunas-a60-2-0-black","status":"publish","type":"product","link":"https:\/\/simoffice.pt\/index.php\/product\/creative-colunas-a60-2-0-black\/","title":{"rendered":"Creative Colunas A60 2.0 Black"},"content":{"rendered":"<p>Alimenta\u00e7\u00e3o: 2 Watts RMS por canal (2 canais); Frequ\u00eancia de Resposta: 90 Hz ~ 20 kHz; Rela\u00e7\u00e3o Sinal Ru\u00eddo (SNR): 75 dB; Peso do Produto: Coluna Esquerda e Direita: CLE ~ 1,3 kg, CLA\/CLI ~ 1 kg; Dimens\u00f5es (PxLxA): Coluna (175,5 x 85 x 85) mm<\/p>\n","protected":false},"excerpt":{"rendered":"<p>Alimenta\u00e7\u00e3o: 2 Watts RMS por canal (2 canais); Frequ\u00eancia de Resposta: 90 Hz ~ 20 kHz; Rela\u00e7\u00e3o Sinal Ru\u00eddo (SNR): 75 dB; Peso do Produto: Coluna Esquerda e Direita: CLE ~ 1,3 kg, CLA\/CLI ~ 1 kg; Dimens\u00f5es (PxLxA): Coluna (175,5 x 85 x 85) mm<\/p>\n","protected":false},"featured_media":5583,"template":"","meta":[],"product_cat":[75],"product_tag":[],"_links":{"self":[{"href":"https:\/\/simoffice.pt\/index.php\/wp-json\/wp\/v2\/product\/5582"}],"collection":[{"href":"https:\/\/simoffice.pt\/index.php\/wp-json\/wp\/v2\/product"}],"about":[{"href":"https:\/\/simoffice.pt\/index.php\/wp-json\/wp\/v2\/types\/product"}],"wp:featuredmedia":[{"embeddable":true,"href":"https:\/\/simoffice.pt\/index.php\/wp-json\/wp\/v2\/media\/5583"}],"wp:attachment":[{"href":"https:\/\/simoffice.pt\/index.php\/wp-json\/wp\/v2\/media?parent=5582"}],"wp:term":[{"taxonomy":"product_cat","embeddable":true,"href":"https:\/\/simoffice.pt\/index.php\/wp-json\/wp\/v2\/product_cat?post=5582"},{"taxonomy":"product_tag","embeddable":true,"href":"https:\/\/simoffice.pt\/index.php\/wp-json\/wp\/v2\/product_tag?post=5582"}],"curies":[{"name":"wp","href":"https:\/\/api.w.org\/{rel}","templated":true}]}}