{"id":5545,"date":"2022-07-04T15:24:28","date_gmt":"2022-07-04T15:24:28","guid":{"rendered":"https:\/\/simoffice.pt\/index.php\/product\/sony-led-tv-49-4k-uhd-smart-tv-wi-fi-android-kd49xe8096\/"},"modified":"2022-07-04T15:24:34","modified_gmt":"2022-07-04T15:24:34","slug":"sony-led-tv-49-4k-uhd-smart-tv-wi-fi-android-kd49xe8096","status":"publish","type":"product","link":"https:\/\/simoffice.pt\/index.php\/product\/sony-led-tv-49-4k-uhd-smart-tv-wi-fi-android-kd49xe8096\/","title":{"rendered":"Sony LED TV 49&#8243; 4K UHD Smart TV WI-FI Android KD49XE8096"},"content":{"rendered":"<p>Sony KD49XE8096. Tamanho do ecr\u00e3 na diagonal (pol.): 124,5 cm (49&#8243;), Resolu\u00e7\u00e3o: 3840 x 2160 pixels, Tipo de HD: 4K Ultra HD, Display technology: LED, Formato do ecr\u00e3: Plano, LED backlighting type: Edge-LED. Smart TV. Frequ\u00eancia de movimento de interpola\u00e7\u00e3o: 400 Hz, Tecnologia de movimento de interpola\u00e7\u00e3o: Motionflow XR, R\u00e1cio de aspecto: 16:9. Sistema de formato de sinal digital: DVB-C,DVB-S,DVB-S2,DVB-T,DVB-T2. Wi-Fi, Ethernet LAN.<\/p>\n","protected":false},"excerpt":{"rendered":"<p>Sony KD49XE8096. Tamanho do ecr\u00e3 na diagonal (pol.): 124,5 cm (49&#8243;), Resolu\u00e7\u00e3o: 3840 x 2160 pixels, Tipo de HD: 4K Ultra HD, Display technology: LED, Formato do ecr\u00e3: Plano, LED backlighting type: Edge-LED. Smart TV. Frequ\u00eancia de movimento de interpola\u00e7\u00e3o: 400 Hz, Tecnologia de movimento de interpola\u00e7\u00e3o: Motionflow XR, R\u00e1cio de aspecto: 16:9. Sistema de [&hellip;]<\/p>\n","protected":false},"featured_media":5546,"template":"","meta":[],"product_cat":[76],"product_tag":[],"_links":{"self":[{"href":"https:\/\/simoffice.pt\/index.php\/wp-json\/wp\/v2\/product\/5545"}],"collection":[{"href":"https:\/\/simoffice.pt\/index.php\/wp-json\/wp\/v2\/product"}],"about":[{"href":"https:\/\/simoffice.pt\/index.php\/wp-json\/wp\/v2\/types\/product"}],"wp:featuredmedia":[{"embeddable":true,"href":"https:\/\/simoffice.pt\/index.php\/wp-json\/wp\/v2\/media\/5546"}],"wp:attachment":[{"href":"https:\/\/simoffice.pt\/index.php\/wp-json\/wp\/v2\/media?parent=5545"}],"wp:term":[{"taxonomy":"product_cat","embeddable":true,"href":"https:\/\/simoffice.pt\/index.php\/wp-json\/wp\/v2\/product_cat?post=5545"},{"taxonomy":"product_tag","embeddable":true,"href":"https:\/\/simoffice.pt\/index.php\/wp-json\/wp\/v2\/product_tag?post=5545"}],"curies":[{"name":"wp","href":"https:\/\/api.w.org\/{rel}","templated":true}]}}