{"id":5387,"date":"2022-07-04T15:16:24","date_gmt":"2022-07-04T15:16:24","guid":{"rendered":"https:\/\/simoffice.pt\/index.php\/product\/rato-mkplus-ms200-usb-preto\/"},"modified":"2022-07-04T15:16:29","modified_gmt":"2022-07-04T15:16:29","slug":"rato-mkplus-ms200-usb-preto","status":"publish","type":"product","link":"https:\/\/simoffice.pt\/index.php\/product\/rato-mkplus-ms200-usb-preto\/","title":{"rendered":"Rato MKPlus MS200 USB preto"},"content":{"rendered":"<p>Rato MKPlus MS200, preto, com sensor \u00f3ptico de 800dpi (Dots Per Inch), 1 roda de deslocamento vertical e 2 bot\u00f5es. Design confort\u00e1vel para ambas as m\u00e3os, interface USB. Compat\u00edvel com Windows 8\/7\/Vista\/2003\/XP\/Me\/2000\/98SE.<\/p>\n<p>Tipo Rato \u00d3ptico com Scroll<br \/>\nFun\u00e7\u00f5es 1 roda de deslocamento vertical e 2 teclas<br \/>\nDesign Design ergon\u00f3mico possibilitando a utiliza\u00e7\u00e3o com a m\u00e3o direita ou esquerda<br \/>\nTecnologia Processamento de sinal digital atrav\u00e9s de sensor \u00f3ptico de alta precis\u00e3o<br \/>\nResolu\u00e7\u00e3o 800 DPI<br \/>\nInterface USB<br \/>\nCompatibilidade Windows 8\/7\/Vista\/2003\/XP\/Me\/2000\/98SE.<br \/>\nDimens\u00f5es 91 x 61 x 33mm<br \/>\nQuantidade por Embalagem 1<br \/>\nGarantia 2 Anos<br \/>\nTipo de embalagem Retail<br \/>\nOrigem China<\/p>\n","protected":false},"excerpt":{"rendered":"<p>Rato MKPlus MS200, preto, com sensor \u00f3ptico de 800dpi (Dots Per Inch), 1 roda de deslocamento vertical e 2 bot\u00f5es. Design confort\u00e1vel para ambas as m\u00e3os, interface USB. Compat\u00edvel com Windows 8\/7\/Vista\/2003\/XP\/Me\/2000\/98SE. Tipo Rato \u00d3ptico com Scroll Fun\u00e7\u00f5es 1 roda de deslocamento vertical e 2 teclas Design Design ergon\u00f3mico possibilitando a utiliza\u00e7\u00e3o com a m\u00e3o [&hellip;]<\/p>\n","protected":false},"featured_media":5388,"template":"","meta":[],"product_cat":[75],"product_tag":[],"_links":{"self":[{"href":"https:\/\/simoffice.pt\/index.php\/wp-json\/wp\/v2\/product\/5387"}],"collection":[{"href":"https:\/\/simoffice.pt\/index.php\/wp-json\/wp\/v2\/product"}],"about":[{"href":"https:\/\/simoffice.pt\/index.php\/wp-json\/wp\/v2\/types\/product"}],"wp:featuredmedia":[{"embeddable":true,"href":"https:\/\/simoffice.pt\/index.php\/wp-json\/wp\/v2\/media\/5388"}],"wp:attachment":[{"href":"https:\/\/simoffice.pt\/index.php\/wp-json\/wp\/v2\/media?parent=5387"}],"wp:term":[{"taxonomy":"product_cat","embeddable":true,"href":"https:\/\/simoffice.pt\/index.php\/wp-json\/wp\/v2\/product_cat?post=5387"},{"taxonomy":"product_tag","embeddable":true,"href":"https:\/\/simoffice.pt\/index.php\/wp-json\/wp\/v2\/product_tag?post=5387"}],"curies":[{"name":"wp","href":"https:\/\/api.w.org\/{rel}","templated":true}]}}