{"id":5308,"date":"2022-07-04T15:12:15","date_gmt":"2022-07-04T15:12:15","guid":{"rendered":"https:\/\/simoffice.pt\/index.php\/product\/cisalha-a3-rexel-a525-pro\/"},"modified":"2022-07-04T15:12:24","modified_gmt":"2022-07-04T15:12:24","slug":"cisalha-a3-rexel-a525-pro","status":"publish","type":"product","link":"https:\/\/simoffice.pt\/index.php\/product\/cisalha-a3-rexel-a525-pro\/","title":{"rendered":"Cisalha A3 Rexel A525 Pro"},"content":{"rendered":"<p>Descri\u00e7\u00e3o<br \/>\nCom uma escolha de 3 estilos de corte \u2013 o aparador rotativo SmartCut\u2122 A525PRO 3 em 1 \u00e9 a escolha criativa dos profissionais.<br \/>\nConcebido para cortar at\u00e9 30 folhas ao mesmo tempo, este aparador de elevado desempenho \u00e9 uma ferramenta \u00fatil para estudantes e profissionais que trabalham em projetos de arte. \u00c9 f\u00e1cil e seguro alternar entre estilos de corte, bastando trocar as l\u00e2minas de forma segura e rodar o bot\u00e3o para produzir cart\u00f5es, convites ou pastas de tamanho at\u00e9 A3 com belo acabamento. A base de metal resistente proporciona maior estabilidade e precis\u00e3o ao aparar, e a placa est\u00e1 marcada com guias de papel para tamanhos at\u00e9 A3. Os 3 estilos de aparo permitem aos utilizadores serem criativos \u00e0 vontade.<br \/>\nAparador 3 em 1 A3<br \/>\nUtiliza\u00e7\u00e3o f\u00e1cil e segura<br \/>\nBase de metal resistente para maior estabilidade e precis\u00e3o ao aparar<br \/>\nMarcada com guias de papel at\u00e9 tamanho A3<br \/>\nComprimento de corte: A3 (465 mm)<br \/>\nDimens\u00f5es: 117 x 692 x 410 mm (AxLxP)<br \/>\nPeso: 4,7 kg<br \/>\nCaracter\u00edsticas<br \/>\nQuantidade por embalagem : 1 Capacidade de Corte : At\u00e9 30 Folhas Capacidade de Corte (n\u00famero) : 30 Folhas Capacidade (n\u00famero de folhas) : 30<br \/>\nComprimento : 46.5 Tamanho : 117x692x410 mm Comprimento de corte : 305 mm Largura : 69.2 cm<br \/>\nPeso : 4.7 kg Altura : 11.7 cm Profundidade : 41 cm Marca : Rexel<\/p>\n","protected":false},"excerpt":{"rendered":"<p>Descri\u00e7\u00e3o Com uma escolha de 3 estilos de corte \u2013 o aparador rotativo SmartCut\u2122 A525PRO 3 em 1 \u00e9 a escolha criativa dos profissionais. Concebido para cortar at\u00e9 30 folhas ao mesmo tempo, este aparador de elevado desempenho \u00e9 uma ferramenta \u00fatil para estudantes e profissionais que trabalham em projetos de arte. \u00c9 f\u00e1cil e [&hellip;]<\/p>\n","protected":false},"featured_media":5309,"template":"","meta":[],"product_cat":[74],"product_tag":[],"_links":{"self":[{"href":"https:\/\/simoffice.pt\/index.php\/wp-json\/wp\/v2\/product\/5308"}],"collection":[{"href":"https:\/\/simoffice.pt\/index.php\/wp-json\/wp\/v2\/product"}],"about":[{"href":"https:\/\/simoffice.pt\/index.php\/wp-json\/wp\/v2\/types\/product"}],"wp:featuredmedia":[{"embeddable":true,"href":"https:\/\/simoffice.pt\/index.php\/wp-json\/wp\/v2\/media\/5309"}],"wp:attachment":[{"href":"https:\/\/simoffice.pt\/index.php\/wp-json\/wp\/v2\/media?parent=5308"}],"wp:term":[{"taxonomy":"product_cat","embeddable":true,"href":"https:\/\/simoffice.pt\/index.php\/wp-json\/wp\/v2\/product_cat?post=5308"},{"taxonomy":"product_tag","embeddable":true,"href":"https:\/\/simoffice.pt\/index.php\/wp-json\/wp\/v2\/product_tag?post=5308"}],"curies":[{"name":"wp","href":"https:\/\/api.w.org\/{rel}","templated":true}]}}