{"id":5303,"date":"2022-07-04T15:12:01","date_gmt":"2022-07-04T15:12:01","guid":{"rendered":"https:\/\/simoffice.pt\/index.php\/product\/deepcool-bisnaga-massa-termica-z9-3g\/"},"modified":"2022-07-04T15:12:07","modified_gmt":"2022-07-04T15:12:07","slug":"deepcool-bisnaga-massa-termica-z9-3g","status":"publish","type":"product","link":"https:\/\/simoffice.pt\/index.php\/product\/deepcool-bisnaga-massa-termica-z9-3g\/","title":{"rendered":"DeepCool Bisnaga Massa T\u00e9rmica Z9 3G"},"content":{"rendered":"<p>Bisnaga com massa t\u00e9rmica DEEPCOOL Z9. Condutividade t\u00e9rmica de 4 Watt\/m-K, imped\u00e2ncia t\u00e9rmica de 0,058\u00baC e temperatura de opera\u00e7\u00e3o de -40\u00baC a 200\u00baC.<\/p>\n<p>Tipo Massa T\u00e9rimca<br \/>\nIndicado para<br \/>\nCPUs<br \/>\nGPUs<br \/>\nQuantidade por Embalagem 1<\/p>\n","protected":false},"excerpt":{"rendered":"<p>Bisnaga com massa t\u00e9rmica DEEPCOOL Z9. Condutividade t\u00e9rmica de 4 Watt\/m-K, imped\u00e2ncia t\u00e9rmica de 0,058\u00baC e temperatura de opera\u00e7\u00e3o de -40\u00baC a 200\u00baC. Tipo Massa T\u00e9rimca Indicado para CPUs GPUs Quantidade por Embalagem 1<\/p>\n","protected":false},"featured_media":5304,"template":"","meta":[],"product_cat":[75],"product_tag":[],"_links":{"self":[{"href":"https:\/\/simoffice.pt\/index.php\/wp-json\/wp\/v2\/product\/5303"}],"collection":[{"href":"https:\/\/simoffice.pt\/index.php\/wp-json\/wp\/v2\/product"}],"about":[{"href":"https:\/\/simoffice.pt\/index.php\/wp-json\/wp\/v2\/types\/product"}],"wp:featuredmedia":[{"embeddable":true,"href":"https:\/\/simoffice.pt\/index.php\/wp-json\/wp\/v2\/media\/5304"}],"wp:attachment":[{"href":"https:\/\/simoffice.pt\/index.php\/wp-json\/wp\/v2\/media?parent=5303"}],"wp:term":[{"taxonomy":"product_cat","embeddable":true,"href":"https:\/\/simoffice.pt\/index.php\/wp-json\/wp\/v2\/product_cat?post=5303"},{"taxonomy":"product_tag","embeddable":true,"href":"https:\/\/simoffice.pt\/index.php\/wp-json\/wp\/v2\/product_tag?post=5303"}],"curies":[{"name":"wp","href":"https:\/\/api.w.org\/{rel}","templated":true}]}}