{"id":5246,"date":"2022-07-04T15:09:03","date_gmt":"2022-07-04T15:09:03","guid":{"rendered":"https:\/\/simoffice.pt\/index.php\/product\/corrector-caneta-z7m-ponta-metal-roller-7ml\/"},"modified":"2022-07-04T15:09:09","modified_gmt":"2022-07-04T15:09:09","slug":"corrector-caneta-z7m-ponta-metal-roller-7ml","status":"publish","type":"product","link":"https:\/\/simoffice.pt\/index.php\/product\/corrector-caneta-z7m-ponta-metal-roller-7ml\/","title":{"rendered":"Corrector Caneta Z7M Ponta Metal Roller 7ml"},"content":{"rendered":"<p>Indicado para corrigir sobre todos os tipos de papel.<br \/>\nF\u00e1cil de manipular. Ponta met\u00e1lica para uma corre\u00e7\u00e3o precisa.<\/p>\n","protected":false},"excerpt":{"rendered":"<p>Indicado para corrigir sobre todos os tipos de papel. F\u00e1cil de manipular. Ponta met\u00e1lica para uma corre\u00e7\u00e3o precisa.<\/p>\n","protected":false},"featured_media":5247,"template":"","meta":[],"product_cat":[74],"product_tag":[],"_links":{"self":[{"href":"https:\/\/simoffice.pt\/index.php\/wp-json\/wp\/v2\/product\/5246"}],"collection":[{"href":"https:\/\/simoffice.pt\/index.php\/wp-json\/wp\/v2\/product"}],"about":[{"href":"https:\/\/simoffice.pt\/index.php\/wp-json\/wp\/v2\/types\/product"}],"wp:featuredmedia":[{"embeddable":true,"href":"https:\/\/simoffice.pt\/index.php\/wp-json\/wp\/v2\/media\/5247"}],"wp:attachment":[{"href":"https:\/\/simoffice.pt\/index.php\/wp-json\/wp\/v2\/media?parent=5246"}],"wp:term":[{"taxonomy":"product_cat","embeddable":true,"href":"https:\/\/simoffice.pt\/index.php\/wp-json\/wp\/v2\/product_cat?post=5246"},{"taxonomy":"product_tag","embeddable":true,"href":"https:\/\/simoffice.pt\/index.php\/wp-json\/wp\/v2\/product_tag?post=5246"}],"curies":[{"name":"wp","href":"https:\/\/api.w.org\/{rel}","templated":true}]}}