{"id":5244,"date":"2022-07-04T15:08:56","date_gmt":"2022-07-04T15:08:56","guid":{"rendered":"https:\/\/simoffice.pt\/index.php\/product\/kingston-value-ram-ddr3-4gb-1333mhz-cl9-srx8-sodimm\/"},"modified":"2022-07-04T15:09:01","modified_gmt":"2022-07-04T15:09:01","slug":"kingston-value-ram-ddr3-4gb-1333mhz-cl9-srx8-sodimm","status":"publish","type":"product","link":"https:\/\/simoffice.pt\/index.php\/product\/kingston-value-ram-ddr3-4gb-1333mhz-cl9-srx8-sodimm\/","title":{"rendered":"Kingston Value Ram DDR3 4GB 1333MHz CL9 SRX8 SODIMM"},"content":{"rendered":"<p>Mem\u00f3ria<br \/>\nCobertura de chumbo Dourado<br \/>\nConfigura\u00e7\u00e3o do m\u00f3dulo 512M x 64<br \/>\nECC<br \/>\nLat\u00eancia CAS 9<br \/>\nMem\u00f3ria bus 64 bit<br \/>\nTipo de embalagem DIMM<br \/>\nTipo de mem\u00f3ria PC3-10600<br \/>\nTipo de mem\u00f3ria incorporada DDR3<br \/>\nVelocidade do clock 1333 MHz<br \/>\nUnbuffered memory<br \/>\nFactor de forma de mem\u00f3ria 204-pin SO-DIMM<br \/>\nRegistado<br \/>\nMem\u00f3ria ranking 1<br \/>\nInternal memory 4 GB<br \/>\nComponente para Notebook<br \/>\nMemory layout 1 x 4 GB<br \/>\nDetalhes t\u00e9cnicos<br \/>\nChips organization x8<br \/>\nGarantia Lifetime<br \/>\nN\u00famero de pinos 204<br \/>\nVelocidade de rel\u00f3gio bus 1333 MHz<br \/>\nMontagem em prateleira 204-pin SODIMM<br \/>\nGest\u00e3o de energia<br \/>\nVoltagem de mem\u00f3ria 1.5 V <\/p>\n","protected":false},"excerpt":{"rendered":"<p>Mem\u00f3ria Cobertura de chumbo Dourado Configura\u00e7\u00e3o do m\u00f3dulo 512M x 64 ECC Lat\u00eancia CAS 9 Mem\u00f3ria bus 64 bit Tipo de embalagem DIMM Tipo de mem\u00f3ria PC3-10600 Tipo de mem\u00f3ria incorporada DDR3 Velocidade do clock 1333 MHz Unbuffered memory Factor de forma de mem\u00f3ria 204-pin SO-DIMM Registado Mem\u00f3ria ranking 1 Internal memory 4 GB Componente [&hellip;]<\/p>\n","protected":false},"featured_media":5245,"template":"","meta":[],"product_cat":[75],"product_tag":[],"_links":{"self":[{"href":"https:\/\/simoffice.pt\/index.php\/wp-json\/wp\/v2\/product\/5244"}],"collection":[{"href":"https:\/\/simoffice.pt\/index.php\/wp-json\/wp\/v2\/product"}],"about":[{"href":"https:\/\/simoffice.pt\/index.php\/wp-json\/wp\/v2\/types\/product"}],"wp:featuredmedia":[{"embeddable":true,"href":"https:\/\/simoffice.pt\/index.php\/wp-json\/wp\/v2\/media\/5245"}],"wp:attachment":[{"href":"https:\/\/simoffice.pt\/index.php\/wp-json\/wp\/v2\/media?parent=5244"}],"wp:term":[{"taxonomy":"product_cat","embeddable":true,"href":"https:\/\/simoffice.pt\/index.php\/wp-json\/wp\/v2\/product_cat?post=5244"},{"taxonomy":"product_tag","embeddable":true,"href":"https:\/\/simoffice.pt\/index.php\/wp-json\/wp\/v2\/product_tag?post=5244"}],"curies":[{"name":"wp","href":"https:\/\/api.w.org\/{rel}","templated":true}]}}