{"id":5114,"date":"2022-07-04T15:02:19","date_gmt":"2022-07-04T15:02:19","guid":{"rendered":"https:\/\/simoffice.pt\/index.php\/product\/creative-live-cam-chat-vf0700-hd-l8-cle\/"},"modified":"2022-07-04T15:02:25","modified_gmt":"2022-07-04T15:02:25","slug":"creative-live-cam-chat-vf0700-hd-l8-cle","status":"publish","type":"product","link":"https:\/\/simoffice.pt\/index.php\/product\/creative-live-cam-chat-vf0700-hd-l8-cle\/","title":{"rendered":"Creative Live Cam Chat VF0700, HD L8 CLE"},"content":{"rendered":"<p>equisitos do sistema<br \/>\nProcessador Intel Pentium 4 2, 4 GHz\/AMD Athlon<br \/>\nEspa\u00e7o m\u00ednimo do disco r\u00edgido 512 MB<br \/>\nSistema Operativo Mac<br \/>\nUSB<br \/>\nSistema operacional\/software<br \/>\nSistema operativo Windows suportado Windows 7 Home Premium, Windows 7 Home Premium x64, Windows 7 Professional, Windows 7 Professional x64, Windows 7 Starter, Windows 7 Starter x64, Windows 7 Ultimate, Windows 7 Ultimate x64, Windows Vista Business, Windows Vista Home Basic, Windows Vista Home Basic x64, Windows Vista Home Premium, Windows Vista Home Premium x64, Windows Vista Ultimate, Windows Vista Ultimate x64, Windows XP Home, Windows XP Home x64, Windows XP Professional, Windows XP Professional x64<br \/>\nStill image<br \/>\nFuncionalidade de fotografia<br \/>\nResolu\u00e7\u00e3o m\u00e1xima de imagem 1280 x 720 pixels<br \/>\nDetalhes T\u00e9cnicos<br \/>\nComprimento do cabo 1.5 m<br \/>\nSistema Operativo Windows, Mac OS X 10.5, Linux 2.6<br \/>\nV\u00eddeo<br \/>\nMaximum frame rate 30 fps<br \/>\nFull HD<br \/>\nResolu\u00e7\u00e3o m\u00e1xima de v\u00eddeo 1280 x 720 pixels<br \/>\nC\u00e2mera<br \/>\nCor da caixa Preto<br \/>\nMicrofone incorporado<br \/>\nConectividade de s\u00e9rie USB 2.0 <\/p>\n","protected":false},"excerpt":{"rendered":"<p>equisitos do sistema Processador Intel Pentium 4 2, 4 GHz\/AMD Athlon Espa\u00e7o m\u00ednimo do disco r\u00edgido 512 MB Sistema Operativo Mac USB Sistema operacional\/software Sistema operativo Windows suportado Windows 7 Home Premium, Windows 7 Home Premium x64, Windows 7 Professional, Windows 7 Professional x64, Windows 7 Starter, Windows 7 Starter x64, Windows 7 Ultimate, Windows [&hellip;]<\/p>\n","protected":false},"featured_media":5115,"template":"","meta":[],"product_cat":[75],"product_tag":[],"_links":{"self":[{"href":"https:\/\/simoffice.pt\/index.php\/wp-json\/wp\/v2\/product\/5114"}],"collection":[{"href":"https:\/\/simoffice.pt\/index.php\/wp-json\/wp\/v2\/product"}],"about":[{"href":"https:\/\/simoffice.pt\/index.php\/wp-json\/wp\/v2\/types\/product"}],"wp:featuredmedia":[{"embeddable":true,"href":"https:\/\/simoffice.pt\/index.php\/wp-json\/wp\/v2\/media\/5115"}],"wp:attachment":[{"href":"https:\/\/simoffice.pt\/index.php\/wp-json\/wp\/v2\/media?parent=5114"}],"wp:term":[{"taxonomy":"product_cat","embeddable":true,"href":"https:\/\/simoffice.pt\/index.php\/wp-json\/wp\/v2\/product_cat?post=5114"},{"taxonomy":"product_tag","embeddable":true,"href":"https:\/\/simoffice.pt\/index.php\/wp-json\/wp\/v2\/product_tag?post=5114"}],"curies":[{"name":"wp","href":"https:\/\/api.w.org\/{rel}","templated":true}]}}