{"id":5051,"date":"2022-07-04T14:59:07","date_gmt":"2022-07-04T14:59:07","guid":{"rendered":"https:\/\/simoffice.pt\/index.php\/product\/western-digital-elements-1tb-25-usb-30\/"},"modified":"2022-07-04T14:59:12","modified_gmt":"2022-07-04T14:59:12","slug":"western-digital-elements-1tb-25-usb-30","status":"publish","type":"product","link":"https:\/\/simoffice.pt\/index.php\/product\/western-digital-elements-1tb-25-usb-30\/","title":{"rendered":"Western Digital Elements 1TB 2,5 USB 3,0"},"content":{"rendered":"<p>Caracteristicas<br \/>\nTipo WD Elements 2.5&#8243; USB 3.0<br \/>\nFormato 2.5&#8243;<br \/>\nCapacidade 1 TB GB<br \/>\nTaxa de transfer\u00eancia 5 Gb\/s (m\u00e1x.)<br \/>\nInterface USB 3.0 and USB 2.0<br \/>\nDimens\u00f5es 82 mm x 111 mm x 15 mm<br \/>\nPeso 134 Gr<br \/>\nCompatibilidade Windows\/Mac<br \/>\nConte\u00fado da embalagem<br \/>\nUnidade port\u00e1til com USB 3.0<br \/>\nCabo USB<br \/>\nGuis de instala\u00e7\u00e3o r\u00e1pida<br \/>\nC\u00f4r Preto <\/p>\n","protected":false},"excerpt":{"rendered":"<p>Caracteristicas Tipo WD Elements 2.5&#8243; USB 3.0 Formato 2.5&#8243; Capacidade 1 TB GB Taxa de transfer\u00eancia 5 Gb\/s (m\u00e1x.) Interface USB 3.0 and USB 2.0 Dimens\u00f5es 82 mm x 111 mm x 15 mm Peso 134 Gr Compatibilidade Windows\/Mac Conte\u00fado da embalagem Unidade port\u00e1til com USB 3.0 Cabo USB Guis de instala\u00e7\u00e3o r\u00e1pida C\u00f4r Preto<\/p>\n","protected":false},"featured_media":5052,"template":"","meta":[],"product_cat":[75],"product_tag":[],"_links":{"self":[{"href":"https:\/\/simoffice.pt\/index.php\/wp-json\/wp\/v2\/product\/5051"}],"collection":[{"href":"https:\/\/simoffice.pt\/index.php\/wp-json\/wp\/v2\/product"}],"about":[{"href":"https:\/\/simoffice.pt\/index.php\/wp-json\/wp\/v2\/types\/product"}],"wp:featuredmedia":[{"embeddable":true,"href":"https:\/\/simoffice.pt\/index.php\/wp-json\/wp\/v2\/media\/5052"}],"wp:attachment":[{"href":"https:\/\/simoffice.pt\/index.php\/wp-json\/wp\/v2\/media?parent=5051"}],"wp:term":[{"taxonomy":"product_cat","embeddable":true,"href":"https:\/\/simoffice.pt\/index.php\/wp-json\/wp\/v2\/product_cat?post=5051"},{"taxonomy":"product_tag","embeddable":true,"href":"https:\/\/simoffice.pt\/index.php\/wp-json\/wp\/v2\/product_tag?post=5051"}],"curies":[{"name":"wp","href":"https:\/\/api.w.org\/{rel}","templated":true}]}}