{"id":5037,"date":"2022-07-04T14:58:25","date_gmt":"2022-07-04T14:58:25","guid":{"rendered":"https:\/\/simoffice.pt\/index.php\/product\/western-digital-hdd-4tb-sata-iii-64mjb-red-nas\/"},"modified":"2022-07-04T14:58:31","modified_gmt":"2022-07-04T14:58:31","slug":"western-digital-hdd-4tb-sata-iii-64mjb-red-nas","status":"publish","type":"product","link":"https:\/\/simoffice.pt\/index.php\/product\/western-digital-hdd-4tb-sata-iii-64mjb-red-nas\/","title":{"rendered":"Western Digital HDD 4TB Sata III 64MJb RED NAS"},"content":{"rendered":"<p>Caracteristicas<br \/>\nTipo Disco R\u00edgido interno 3.5&#8243;<br \/>\nFormato 3.5&#8243; LFF<br \/>\nCapacidade 4TB<br \/>\nVelocidade IntelliPower<br \/>\nCache 64 MB<br \/>\nTaxa de transfer\u00eancia Buffer para host: 6 Gb\/s (m\u00e1x.), Host para\/desde drive (mantido): 150 Mb\/s<br \/>\nInterface SATA 6 Gb\/s<br \/>\nDesempenho As unidades de disco r\u00edgido WD Red NAS s\u00e3o recomendadas para uso em sistemas NAS de 1 a 5 compartimentos em casa ou pequenas empresas.<br \/>\nDimens\u00f5es 101.6 mm x 147,0 mm x 26.1 mm<br \/>\nPeso 680 Gr<br \/>\nOutras caracter\u00edsticas A tecnologia NASware 2.0 de \u00faltima gera\u00e7\u00e3o, exclusiva da WD, melhora o desempenho do armazenamento<br \/>\nC\u00f4r Vermelho<br \/>\nGarantia 3 Anos <\/p>\n","protected":false},"excerpt":{"rendered":"<p>Caracteristicas Tipo Disco R\u00edgido interno 3.5&#8243; Formato 3.5&#8243; LFF Capacidade 4TB Velocidade IntelliPower Cache 64 MB Taxa de transfer\u00eancia Buffer para host: 6 Gb\/s (m\u00e1x.), Host para\/desde drive (mantido): 150 Mb\/s Interface SATA 6 Gb\/s Desempenho As unidades de disco r\u00edgido WD Red NAS s\u00e3o recomendadas para uso em sistemas NAS de 1 a 5 [&hellip;]<\/p>\n","protected":false},"featured_media":5038,"template":"","meta":[],"product_cat":[75],"product_tag":[],"_links":{"self":[{"href":"https:\/\/simoffice.pt\/index.php\/wp-json\/wp\/v2\/product\/5037"}],"collection":[{"href":"https:\/\/simoffice.pt\/index.php\/wp-json\/wp\/v2\/product"}],"about":[{"href":"https:\/\/simoffice.pt\/index.php\/wp-json\/wp\/v2\/types\/product"}],"wp:featuredmedia":[{"embeddable":true,"href":"https:\/\/simoffice.pt\/index.php\/wp-json\/wp\/v2\/media\/5038"}],"wp:attachment":[{"href":"https:\/\/simoffice.pt\/index.php\/wp-json\/wp\/v2\/media?parent=5037"}],"wp:term":[{"taxonomy":"product_cat","embeddable":true,"href":"https:\/\/simoffice.pt\/index.php\/wp-json\/wp\/v2\/product_cat?post=5037"},{"taxonomy":"product_tag","embeddable":true,"href":"https:\/\/simoffice.pt\/index.php\/wp-json\/wp\/v2\/product_tag?post=5037"}],"curies":[{"name":"wp","href":"https:\/\/api.w.org\/{rel}","templated":true}]}}