{"id":4790,"date":"2022-07-04T14:46:20","date_gmt":"2022-07-04T14:46:20","guid":{"rendered":"https:\/\/simoffice.pt\/index.php\/product\/agrafador-half-strip-24-6-20-folhas-eagle-alpha-preto\/"},"modified":"2022-07-04T14:46:26","modified_gmt":"2022-07-04T14:46:26","slug":"agrafador-half-strip-24-6-20-folhas-eagle-alpha-preto","status":"publish","type":"product","link":"https:\/\/simoffice.pt\/index.php\/product\/agrafador-half-strip-24-6-20-folhas-eagle-alpha-preto\/","title":{"rendered":"Agrafador (half strip) 24 \/ 6 20 Folhas Eagle Alpha Preto"},"content":{"rendered":"<p>Corpo em pl\u00e1stico e mecanismo em a\u00e7o. Utilizam agrafos 24\/6.Indicados para utiliza\u00e7\u00e3o em escrit\u00f3rios.<\/p>\n","protected":false},"excerpt":{"rendered":"<p>Corpo em pl\u00e1stico e mecanismo em a\u00e7o. Utilizam agrafos 24\/6.Indicados para utiliza\u00e7\u00e3o em escrit\u00f3rios.<\/p>\n","protected":false},"featured_media":4791,"template":"","meta":[],"product_cat":[74],"product_tag":[],"_links":{"self":[{"href":"https:\/\/simoffice.pt\/index.php\/wp-json\/wp\/v2\/product\/4790"}],"collection":[{"href":"https:\/\/simoffice.pt\/index.php\/wp-json\/wp\/v2\/product"}],"about":[{"href":"https:\/\/simoffice.pt\/index.php\/wp-json\/wp\/v2\/types\/product"}],"wp:featuredmedia":[{"embeddable":true,"href":"https:\/\/simoffice.pt\/index.php\/wp-json\/wp\/v2\/media\/4791"}],"wp:attachment":[{"href":"https:\/\/simoffice.pt\/index.php\/wp-json\/wp\/v2\/media?parent=4790"}],"wp:term":[{"taxonomy":"product_cat","embeddable":true,"href":"https:\/\/simoffice.pt\/index.php\/wp-json\/wp\/v2\/product_cat?post=4790"},{"taxonomy":"product_tag","embeddable":true,"href":"https:\/\/simoffice.pt\/index.php\/wp-json\/wp\/v2\/product_tag?post=4790"}],"curies":[{"name":"wp","href":"https:\/\/api.w.org\/{rel}","templated":true}]}}