{"id":4778,"date":"2022-07-04T14:45:44","date_gmt":"2022-07-04T14:45:44","guid":{"rendered":"https:\/\/simoffice.pt\/index.php\/product\/samsung-ssd-250-gb-sata-serie-850-evo-msata\/"},"modified":"2022-07-04T14:45:50","modified_gmt":"2022-07-04T14:45:50","slug":"samsung-ssd-250-gb-sata-serie-850-evo-msata","status":"publish","type":"product","link":"https:\/\/simoffice.pt\/index.php\/product\/samsung-ssd-250-gb-sata-serie-850-evo-msata\/","title":{"rendered":"Samsung SSD 250 GB SATA Serie 850 EVO &#8211; mSATA"},"content":{"rendered":"<p>Pesos e dimens\u00f5es<br \/>\nLargura do produto 3 cm<br \/>\nProfundidade da Unidade 3,81 cm<br \/>\nAltura da Unidade 5,08 cm<br \/>\nPeso do produto 9,07g<br \/>\nGest\u00e3o de energia<br \/>\nVoltagem operativa 5V<br \/>\nEmbalagem<br \/>\nSoftware incorporado Software Magician para gest\u00e3o de SSD<br \/>\nOutras caracter\u00edsticas<br \/>\nTipo de mem\u00f3ria incorporada<br \/>\nMem\u00f3ria de armazenamento : Samsung 3D V-NAND 32 camadas<br \/>\nMem\u00f3ria cache : DDR3 SDRAM de baixa pot\u00eancia 512 MB da Samsung<br \/>\nCapacidade da mem\u00f3ria incorpor 512MB Cache<br \/>\nGarantia Garantia limitada de 5 anos ou garantia limitada de 75 TBW<br \/>\nDesign<br \/>\nInterno<br \/>\nCor da caixa Preto<br \/>\nDesempenho<br \/>\nCapacidade da drive SSD 250 GB<br \/>\nInterfaces da drive SSD SATA 6 Gb\/s, compat\u00edvel com interface SATA 3 Gb\/s e SATA 1,5 Gb\/s<br \/>\nFormato da Drive SSD mSATA<br \/>\nTaxa de transfer\u00eancia de dados 6 Gbit\/s<br \/>\nCodifica\u00e7\u00e3o \/ seguran\u00e7a 256-bit AES<br \/>\nVelocidade de leitura, suporte 540 MB\/s<br \/>\nVelocidade de escrita 520 MB\/s<br \/>\nLeitura aleat\u00f3ria (4KB) 97000 IOPS<br \/>\nEscrita aleat\u00f3ria (4KB) 88000 IOPS<br \/>\nsuporte S.M.A.R.T<br \/>\nSuporte TRIM<br \/>\nMTBF 1.500.000h<br \/>\nClassifica\u00e7\u00e3o TBW 75<br \/>\nEscrita sequencial <\/p>\n","protected":false},"excerpt":{"rendered":"<p>Pesos e dimens\u00f5es Largura do produto 3 cm Profundidade da Unidade 3,81 cm Altura da Unidade 5,08 cm Peso do produto 9,07g Gest\u00e3o de energia Voltagem operativa 5V Embalagem Software incorporado Software Magician para gest\u00e3o de SSD Outras caracter\u00edsticas Tipo de mem\u00f3ria incorporada Mem\u00f3ria de armazenamento : Samsung 3D V-NAND 32 camadas Mem\u00f3ria cache : [&hellip;]<\/p>\n","protected":false},"featured_media":4779,"template":"","meta":[],"product_cat":[75],"product_tag":[],"_links":{"self":[{"href":"https:\/\/simoffice.pt\/index.php\/wp-json\/wp\/v2\/product\/4778"}],"collection":[{"href":"https:\/\/simoffice.pt\/index.php\/wp-json\/wp\/v2\/product"}],"about":[{"href":"https:\/\/simoffice.pt\/index.php\/wp-json\/wp\/v2\/types\/product"}],"wp:featuredmedia":[{"embeddable":true,"href":"https:\/\/simoffice.pt\/index.php\/wp-json\/wp\/v2\/media\/4779"}],"wp:attachment":[{"href":"https:\/\/simoffice.pt\/index.php\/wp-json\/wp\/v2\/media?parent=4778"}],"wp:term":[{"taxonomy":"product_cat","embeddable":true,"href":"https:\/\/simoffice.pt\/index.php\/wp-json\/wp\/v2\/product_cat?post=4778"},{"taxonomy":"product_tag","embeddable":true,"href":"https:\/\/simoffice.pt\/index.php\/wp-json\/wp\/v2\/product_tag?post=4778"}],"curies":[{"name":"wp","href":"https:\/\/api.w.org\/{rel}","templated":true}]}}