{"id":4648,"date":"2022-07-04T14:39:24","date_gmt":"2022-07-04T14:39:24","guid":{"rendered":"https:\/\/simoffice.pt\/index.php\/product\/fita-em-rolo-azul-sigilo-820-33mmx35mts\/"},"modified":"2022-07-04T14:39:30","modified_gmt":"2022-07-04T14:39:30","slug":"fita-em-rolo-azul-sigilo-820-33mmx35mts","status":"publish","type":"product","link":"https:\/\/simoffice.pt\/index.php\/product\/fita-em-rolo-azul-sigilo-820-33mmx35mts\/","title":{"rendered":"Fita em Rolo Azul Sigilo 820 33mmX35mts"},"content":{"rendered":"<p>Azul opaco. Protege a confidencialidade dos<br \/>\ndocumentos. Extra-resistente. N\u00e3o \u00e9 poss\u00edvel<br \/>\ndescolar sem arrancar as fibras do papel.<\/p>\n","protected":false},"excerpt":{"rendered":"<p>Azul opaco. Protege a confidencialidade dos documentos. Extra-resistente. N\u00e3o \u00e9 poss\u00edvel descolar sem arrancar as fibras do papel.<\/p>\n","protected":false},"featured_media":4649,"template":"","meta":[],"product_cat":[74],"product_tag":[],"_links":{"self":[{"href":"https:\/\/simoffice.pt\/index.php\/wp-json\/wp\/v2\/product\/4648"}],"collection":[{"href":"https:\/\/simoffice.pt\/index.php\/wp-json\/wp\/v2\/product"}],"about":[{"href":"https:\/\/simoffice.pt\/index.php\/wp-json\/wp\/v2\/types\/product"}],"wp:featuredmedia":[{"embeddable":true,"href":"https:\/\/simoffice.pt\/index.php\/wp-json\/wp\/v2\/media\/4649"}],"wp:attachment":[{"href":"https:\/\/simoffice.pt\/index.php\/wp-json\/wp\/v2\/media?parent=4648"}],"wp:term":[{"taxonomy":"product_cat","embeddable":true,"href":"https:\/\/simoffice.pt\/index.php\/wp-json\/wp\/v2\/product_cat?post=4648"},{"taxonomy":"product_tag","embeddable":true,"href":"https:\/\/simoffice.pt\/index.php\/wp-json\/wp\/v2\/product_tag?post=4648"}],"curies":[{"name":"wp","href":"https:\/\/api.w.org\/{rel}","templated":true}]}}