{"id":4598,"date":"2022-07-04T14:36:48","date_gmt":"2022-07-04T14:36:48","guid":{"rendered":"https:\/\/simoffice.pt\/index.php\/product\/rolo-papel-vegetal-staples-95grs-70x10mts\/"},"modified":"2022-07-04T14:36:55","modified_gmt":"2022-07-04T14:36:55","slug":"rolo-papel-vegetal-staples-95grs-70x10mts","status":"publish","type":"product","link":"https:\/\/simoffice.pt\/index.php\/product\/rolo-papel-vegetal-staples-95grs-70x10mts\/","title":{"rendered":"Rolo papel vegetal Staples 95Grs 70x10mts"},"content":{"rendered":"<p>Este tipo de papel \u00e9 utilizado para desenhar, plantas, impress\u00e3o, pois \u00e9 translucido e permite copiar e sobrep\u00f4r sobre outros documentos. Indicado para arquitectos, engenheiros, modistas e estudantes nas suas v\u00e1rias fases.<\/p>\n","protected":false},"excerpt":{"rendered":"<p>Este tipo de papel \u00e9 utilizado para desenhar, plantas, impress\u00e3o, pois \u00e9 translucido e permite copiar e sobrep\u00f4r sobre outros documentos. Indicado para arquitectos, engenheiros, modistas e estudantes nas suas v\u00e1rias fases.<\/p>\n","protected":false},"featured_media":4599,"template":"","meta":[],"product_cat":[74],"product_tag":[],"_links":{"self":[{"href":"https:\/\/simoffice.pt\/index.php\/wp-json\/wp\/v2\/product\/4598"}],"collection":[{"href":"https:\/\/simoffice.pt\/index.php\/wp-json\/wp\/v2\/product"}],"about":[{"href":"https:\/\/simoffice.pt\/index.php\/wp-json\/wp\/v2\/types\/product"}],"wp:featuredmedia":[{"embeddable":true,"href":"https:\/\/simoffice.pt\/index.php\/wp-json\/wp\/v2\/media\/4599"}],"wp:attachment":[{"href":"https:\/\/simoffice.pt\/index.php\/wp-json\/wp\/v2\/media?parent=4598"}],"wp:term":[{"taxonomy":"product_cat","embeddable":true,"href":"https:\/\/simoffice.pt\/index.php\/wp-json\/wp\/v2\/product_cat?post=4598"},{"taxonomy":"product_tag","embeddable":true,"href":"https:\/\/simoffice.pt\/index.php\/wp-json\/wp\/v2\/product_tag?post=4598"}],"curies":[{"name":"wp","href":"https:\/\/api.w.org\/{rel}","templated":true}]}}