{"id":4439,"date":"2022-07-04T14:28:52","date_gmt":"2022-07-04T14:28:52","guid":{"rendered":"https:\/\/simoffice.pt\/index.php\/product\/maquina-plastificar-staples-a3\/"},"modified":"2022-07-04T14:29:00","modified_gmt":"2022-07-04T14:29:00","slug":"maquina-plastificar-staples-a3","status":"publish","type":"product","link":"https:\/\/simoffice.pt\/index.php\/product\/maquina-plastificar-staples-a3\/","title":{"rendered":"M\u00e1quina Plastificar Staples A3"},"content":{"rendered":"<p>A m\u00e1quina plastificadora A3 da Staples\u00ae \u00e9 a ferramenta ideal para proteger documentos importantes e mant\u00ea-los em perfeitas condi\u00e7\u00f5es.<br \/>\nA m\u00e1quina plastificadora Staples\u00ae A3 possui todas as fun\u00e7\u00f5es esperadas de uma plastificadora de utiliza\u00e7\u00e3o moderada. Possui dois modos de funcionamento e pode ser utilizada com bolsas que necessitam de aquecimento para fechar ou bolsas que fecham sem aquecimento. A m\u00e1quina plastificadora Staples\u00ae A3 tem um tempo de aquecimento de 6 minutos e indica quando est\u00e1 pronta para utiliza\u00e7\u00e3o. Em menos de 2 minutos, \u00e9 poss\u00edvel plastificar um \u00fanico documento em bolsas com um m\u00e1ximo de 250 mic (2 x 125 mic) de espessura. A m\u00e1quina plastificadora A4 da Staples\u00ae \u00e9 ideal para proteger certificados ou cart\u00f5es de instru\u00e7\u00e3o frequentemente utilizados, manter cartazes como novos ou proteger fotos contra os efeitos do tempo.<br \/>\nPara documentos at\u00e9 ao formato A3<br \/>\nUtilizada com bolsas de plastifica\u00e7\u00e3o de 2 x 75 mic a 2 x 125 mic<br \/>\nTempo de aquecimento de aprox. 6 min<br \/>\nTempo de produ\u00e7\u00e3o de aprox. 1,2 min<br \/>\nModos de funcionamento com aquecimento e sem aquecimento<br \/>\nLuzes indicadoras de pronta para utiliza\u00e7\u00e3o e alimenta\u00e7\u00e3o<br \/>\nAlavanca de liberta\u00e7\u00e3o<\/p>\n","protected":false},"excerpt":{"rendered":"<p>A m\u00e1quina plastificadora A3 da Staples\u00ae \u00e9 a ferramenta ideal para proteger documentos importantes e mant\u00ea-los em perfeitas condi\u00e7\u00f5es. A m\u00e1quina plastificadora Staples\u00ae A3 possui todas as fun\u00e7\u00f5es esperadas de uma plastificadora de utiliza\u00e7\u00e3o moderada. Possui dois modos de funcionamento e pode ser utilizada com bolsas que necessitam de aquecimento para fechar ou bolsas que [&hellip;]<\/p>\n","protected":false},"featured_media":4440,"template":"","meta":[],"product_cat":[74],"product_tag":[],"_links":{"self":[{"href":"https:\/\/simoffice.pt\/index.php\/wp-json\/wp\/v2\/product\/4439"}],"collection":[{"href":"https:\/\/simoffice.pt\/index.php\/wp-json\/wp\/v2\/product"}],"about":[{"href":"https:\/\/simoffice.pt\/index.php\/wp-json\/wp\/v2\/types\/product"}],"wp:featuredmedia":[{"embeddable":true,"href":"https:\/\/simoffice.pt\/index.php\/wp-json\/wp\/v2\/media\/4440"}],"wp:attachment":[{"href":"https:\/\/simoffice.pt\/index.php\/wp-json\/wp\/v2\/media?parent=4439"}],"wp:term":[{"taxonomy":"product_cat","embeddable":true,"href":"https:\/\/simoffice.pt\/index.php\/wp-json\/wp\/v2\/product_cat?post=4439"},{"taxonomy":"product_tag","embeddable":true,"href":"https:\/\/simoffice.pt\/index.php\/wp-json\/wp\/v2\/product_tag?post=4439"}],"curies":[{"name":"wp","href":"https:\/\/api.w.org\/{rel}","templated":true}]}}