{"id":4430,"date":"2022-07-04T14:28:26","date_gmt":"2022-07-04T14:28:26","guid":{"rendered":"https:\/\/simoffice.pt\/index.php\/product\/etiquetas-83x53mm-markin-cod-49-3-folhas-30un\/"},"modified":"2022-07-04T14:28:31","modified_gmt":"2022-07-04T14:28:31","slug":"etiquetas-83x53mm-markin-cod-49-3-folhas-30un","status":"publish","type":"product","link":"https:\/\/simoffice.pt\/index.php\/product\/etiquetas-83x53mm-markin-cod-49-3-folhas-30un\/","title":{"rendered":"Etiquetas 83x53mm Markin Cod 49 3 Folhas 30un"},"content":{"rendered":"<p>Etiquetas adesivas de v\u00e1rios formatos. Para os mais diversos tipos de utiliza\u00e7\u00e3o, desde pre\u00e7os, organiza\u00e7\u00e3o de documentosa organiza\u00e7\u00e3o de produtos.<\/p>\n","protected":false},"excerpt":{"rendered":"<p>Etiquetas adesivas de v\u00e1rios formatos. Para os mais diversos tipos de utiliza\u00e7\u00e3o, desde pre\u00e7os, organiza\u00e7\u00e3o de documentosa organiza\u00e7\u00e3o de produtos.<\/p>\n","protected":false},"featured_media":4431,"template":"","meta":[],"product_cat":[74],"product_tag":[],"_links":{"self":[{"href":"https:\/\/simoffice.pt\/index.php\/wp-json\/wp\/v2\/product\/4430"}],"collection":[{"href":"https:\/\/simoffice.pt\/index.php\/wp-json\/wp\/v2\/product"}],"about":[{"href":"https:\/\/simoffice.pt\/index.php\/wp-json\/wp\/v2\/types\/product"}],"wp:featuredmedia":[{"embeddable":true,"href":"https:\/\/simoffice.pt\/index.php\/wp-json\/wp\/v2\/media\/4431"}],"wp:attachment":[{"href":"https:\/\/simoffice.pt\/index.php\/wp-json\/wp\/v2\/media?parent=4430"}],"wp:term":[{"taxonomy":"product_cat","embeddable":true,"href":"https:\/\/simoffice.pt\/index.php\/wp-json\/wp\/v2\/product_cat?post=4430"},{"taxonomy":"product_tag","embeddable":true,"href":"https:\/\/simoffice.pt\/index.php\/wp-json\/wp\/v2\/product_tag?post=4430"}],"curies":[{"name":"wp","href":"https:\/\/api.w.org\/{rel}","templated":true}]}}