{"id":4426,"date":"2022-07-04T14:28:14","date_gmt":"2022-07-04T14:28:14","guid":{"rendered":"https:\/\/simoffice.pt\/index.php\/product\/caixa-cartao-arquivo-morto-l80-340x250mm-kraft-pack50\/"},"modified":"2022-07-04T14:28:20","modified_gmt":"2022-07-04T14:28:20","slug":"caixa-cartao-arquivo-morto-l80-340x250mm-kraft-pack50","status":"publish","type":"product","link":"https:\/\/simoffice.pt\/index.php\/product\/caixa-cartao-arquivo-morto-l80-340x250mm-kraft-pack50\/","title":{"rendered":"Caixa Cartao Arquivo Morto L80 340x250mm Kraft Pack50"},"content":{"rendered":"<p>Cart\u00e3o micro canelado revestido a papel kraft. Desmont\u00e1vel com \u00f3culo.<\/p>\n","protected":false},"excerpt":{"rendered":"<p>Cart\u00e3o micro canelado revestido a papel kraft. Desmont\u00e1vel com \u00f3culo.<\/p>\n","protected":false},"featured_media":4427,"template":"","meta":[],"product_cat":[74],"product_tag":[],"_links":{"self":[{"href":"https:\/\/simoffice.pt\/index.php\/wp-json\/wp\/v2\/product\/4426"}],"collection":[{"href":"https:\/\/simoffice.pt\/index.php\/wp-json\/wp\/v2\/product"}],"about":[{"href":"https:\/\/simoffice.pt\/index.php\/wp-json\/wp\/v2\/types\/product"}],"wp:featuredmedia":[{"embeddable":true,"href":"https:\/\/simoffice.pt\/index.php\/wp-json\/wp\/v2\/media\/4427"}],"wp:attachment":[{"href":"https:\/\/simoffice.pt\/index.php\/wp-json\/wp\/v2\/media?parent=4426"}],"wp:term":[{"taxonomy":"product_cat","embeddable":true,"href":"https:\/\/simoffice.pt\/index.php\/wp-json\/wp\/v2\/product_cat?post=4426"},{"taxonomy":"product_tag","embeddable":true,"href":"https:\/\/simoffice.pt\/index.php\/wp-json\/wp\/v2\/product_tag?post=4426"}],"curies":[{"name":"wp","href":"https:\/\/api.w.org\/{rel}","templated":true}]}}