{"id":4377,"date":"2022-07-04T14:25:51","date_gmt":"2022-07-04T14:25:51","guid":{"rendered":"https:\/\/simoffice.pt\/index.php\/product\/papel-100grs-a4-navigator-presentation-1x500fls\/"},"modified":"2022-07-04T14:25:57","modified_gmt":"2022-07-04T14:25:57","slug":"papel-100grs-a4-navigator-presentation-1x500fls","status":"publish","type":"product","link":"https:\/\/simoffice.pt\/index.php\/product\/papel-100grs-a4-navigator-presentation-1x500fls\/","title":{"rendered":"Papel 100Grs A4 Navigator Presentation 1x500fls"},"content":{"rendered":"<p>Qualidade superior, ideal para adicionar valor \u00e0s suas comunica\u00e7\u00f5es. Impress\u00e3o frente<br \/>\ne verso. Garantindo o uso intenso de cores sem que a tinta passe para outro lado. Ideal para todo o tipo de impressoras.<\/p>\n","protected":false},"excerpt":{"rendered":"<p>Qualidade superior, ideal para adicionar valor \u00e0s suas comunica\u00e7\u00f5es. Impress\u00e3o frente e verso. Garantindo o uso intenso de cores sem que a tinta passe para outro lado. Ideal para todo o tipo de impressoras.<\/p>\n","protected":false},"featured_media":4378,"template":"","meta":[],"product_cat":[74],"product_tag":[],"_links":{"self":[{"href":"https:\/\/simoffice.pt\/index.php\/wp-json\/wp\/v2\/product\/4377"}],"collection":[{"href":"https:\/\/simoffice.pt\/index.php\/wp-json\/wp\/v2\/product"}],"about":[{"href":"https:\/\/simoffice.pt\/index.php\/wp-json\/wp\/v2\/types\/product"}],"wp:featuredmedia":[{"embeddable":true,"href":"https:\/\/simoffice.pt\/index.php\/wp-json\/wp\/v2\/media\/4378"}],"wp:attachment":[{"href":"https:\/\/simoffice.pt\/index.php\/wp-json\/wp\/v2\/media?parent=4377"}],"wp:term":[{"taxonomy":"product_cat","embeddable":true,"href":"https:\/\/simoffice.pt\/index.php\/wp-json\/wp\/v2\/product_cat?post=4377"},{"taxonomy":"product_tag","embeddable":true,"href":"https:\/\/simoffice.pt\/index.php\/wp-json\/wp\/v2\/product_tag?post=4377"}],"curies":[{"name":"wp","href":"https:\/\/api.w.org\/{rel}","templated":true}]}}