{"id":4286,"date":"2022-07-04T14:21:29","date_gmt":"2022-07-04T14:21:29","guid":{"rendered":"https:\/\/simoffice.pt\/index.php\/product\/navigator-papel-fotocopia-a4-75gr-ecological-5x500fls\/"},"modified":"2022-07-04T14:21:34","modified_gmt":"2022-07-04T14:21:34","slug":"navigator-papel-fotocopia-a4-75gr-ecological-5x500fls","status":"publish","type":"product","link":"https:\/\/simoffice.pt\/index.php\/product\/navigator-papel-fotocopia-a4-75gr-ecological-5x500fls\/","title":{"rendered":"Navigator Papel Fotoc\u00f3pia A4 75Gr ( Ecological ) 5x500Fls"},"content":{"rendered":"<p>Papel fotoc\u00f3pia ecol\u00f3gico.<br \/>\nIndicado para a utiliza\u00e7\u00e3o em escrit\u00f3rios e centros de c\u00f3pia.<br \/>\nPermite impress\u00e3o dos dois lados. Para impress\u00e3o Laserjet e Inkjet.<\/p>\n","protected":false},"excerpt":{"rendered":"<p>Papel fotoc\u00f3pia ecol\u00f3gico. Indicado para a utiliza\u00e7\u00e3o em escrit\u00f3rios e centros de c\u00f3pia. Permite impress\u00e3o dos dois lados. Para impress\u00e3o Laserjet e Inkjet.<\/p>\n","protected":false},"featured_media":4287,"template":"","meta":[],"product_cat":[74],"product_tag":[],"_links":{"self":[{"href":"https:\/\/simoffice.pt\/index.php\/wp-json\/wp\/v2\/product\/4286"}],"collection":[{"href":"https:\/\/simoffice.pt\/index.php\/wp-json\/wp\/v2\/product"}],"about":[{"href":"https:\/\/simoffice.pt\/index.php\/wp-json\/wp\/v2\/types\/product"}],"wp:featuredmedia":[{"embeddable":true,"href":"https:\/\/simoffice.pt\/index.php\/wp-json\/wp\/v2\/media\/4287"}],"wp:attachment":[{"href":"https:\/\/simoffice.pt\/index.php\/wp-json\/wp\/v2\/media?parent=4286"}],"wp:term":[{"taxonomy":"product_cat","embeddable":true,"href":"https:\/\/simoffice.pt\/index.php\/wp-json\/wp\/v2\/product_cat?post=4286"},{"taxonomy":"product_tag","embeddable":true,"href":"https:\/\/simoffice.pt\/index.php\/wp-json\/wp\/v2\/product_tag?post=4286"}],"curies":[{"name":"wp","href":"https:\/\/api.w.org\/{rel}","templated":true}]}}