{"id":4198,"date":"2022-07-04T14:17:05","date_gmt":"2022-07-04T14:17:05","guid":{"rendered":"https:\/\/simoffice.pt\/index.php\/product\/computador-portatil-hp-250-g5-intel-celeron-n3060-com-placa-grafica-intel-hd400-sdram-ddr3l-1600-de-4gb-1x4gb-sara-500gb-5400rpm-ecra-15-6-dvd-rw-supermulti-dl-windows-10-home-64\/"},"modified":"2022-07-04T14:17:05","modified_gmt":"2022-07-04T14:17:05","slug":"computador-portatil-hp-250-g5-intel-celeron-n3060-com-placa-grafica-intel-hd400-sdram-ddr3l-1600-de-4gb-1x4gb-sara-500gb-5400rpm-ecra-15-6-dvd-rw-supermulti-dl-windows-10-home-64","status":"publish","type":"product","link":"https:\/\/simoffice.pt\/index.php\/product\/computador-portatil-hp-250-g5-intel-celeron-n3060-com-placa-grafica-intel-hd400-sdram-ddr3l-1600-de-4gb-1x4gb-sara-500gb-5400rpm-ecra-15-6-dvd-rw-supermulti-dl-windows-10-home-64\/","title":{"rendered":"Computador port\u00e1til HP 250 G5 &#8211; Intel Celeron N3060 com placa gr\u00e1fica Intel HD400, SDRAM DDR3L-1600 de 4GB (1x4GB), SARA 500GB 5400rpm, Ecr\u00e3 15.6&#8243;, DVD+\/-RW SuperMulti DL, Windows 10 Home 64"},"content":{"rendered":"","protected":false},"excerpt":{"rendered":"","protected":false},"featured_media":0,"template":"","meta":[],"product_cat":[75],"product_tag":[],"_links":{"self":[{"href":"https:\/\/simoffice.pt\/index.php\/wp-json\/wp\/v2\/product\/4198"}],"collection":[{"href":"https:\/\/simoffice.pt\/index.php\/wp-json\/wp\/v2\/product"}],"about":[{"href":"https:\/\/simoffice.pt\/index.php\/wp-json\/wp\/v2\/types\/product"}],"wp:attachment":[{"href":"https:\/\/simoffice.pt\/index.php\/wp-json\/wp\/v2\/media?parent=4198"}],"wp:term":[{"taxonomy":"product_cat","embeddable":true,"href":"https:\/\/simoffice.pt\/index.php\/wp-json\/wp\/v2\/product_cat?post=4198"},{"taxonomy":"product_tag","embeddable":true,"href":"https:\/\/simoffice.pt\/index.php\/wp-json\/wp\/v2\/product_tag?post=4198"}],"curies":[{"name":"wp","href":"https:\/\/api.w.org\/{rel}","templated":true}]}}