{"id":498,"date":"2020-02-07T23:15:09","date_gmt":"2020-02-07T23:15:09","guid":{"rendered":"https:\/\/simoffice.chitas.cloud\/?page_id=498"},"modified":"2020-02-17T22:15:29","modified_gmt":"2020-02-17T22:15:29","slug":"termos-e-condicoes","status":"publish","type":"page","link":"https:\/\/simoffice.pt\/index.php\/termos-e-condicoes\/","title":{"rendered":"Termos e condi\u00e7\u00f5es"},"content":{"rendered":"\n<div class=\"wp-container-1 wp-block-group\"><div class=\"wp-block-group__inner-container\">\n<div class=\"politica-de-cookies\">\n                <p>A Simoffice, lda. respeita a privacidade individual e valoriza a confian\u00e7a dos seus utilizadores,\n                    clientes e parceiros. Como tal, estamos empenhados em proteger a informa\u00e7\u00e3o pessoal que venha a\n                    partilhar connosco. Esta p\u00e1gina descreve como fazemos uso dessa informa\u00e7\u00e3o.<br><br><strong>Recep\u00e7\u00e3o de\n                    dados<\/strong><br>Ao ceder-nos a sua informa\u00e7\u00e3o pessoal, voluntariamente, ela apenas ser\u00e1 acedida pelos\n                    nossos servi\u00e7os. \u00c9 considerado informa\u00e7\u00e3o pessoal tudo o que possa ser usado para identificar um\n                    utilizador como, por exemplo, nome, endere\u00e7o electr\u00f3nico, t\u00edtulo, data de nascimento, g\u00e9nero,\n                    profiss\u00e3o, interesses pessoais ou demais dados necess\u00e1rios para que possamos prestar o servi\u00e7o\n                    solicitado ou at\u00e9 melhorar o funcionamento do site. N\u00e3o registamos automaticamente informa\u00e7\u00e3o\n                    pessoal, incluindo o seu endere\u00e7o de IP. O registo dos endere\u00e7os de IP que consultam o site servem\n                    apenas para efeito de an\u00e1lise estat\u00edstica de tr\u00e1fego. Os dados fornecidos n\u00e3o ser\u00e3o transferidos\n                    para terceiros sem o seu consentimento pr\u00e9vio, mas podem ser usados dentro da empresa ou por outra\n                    empresa actuando como agente da empresa para fins de processamento ou correio.<\/p>\n                <p><strong>Actualiza\u00e7\u00e3o da informa\u00e7\u00e3o<\/strong><br>Se, a qualquer momento, desejar interromper a recep\u00e7\u00e3o de e-mails ou\n                    outras comunica\u00e7\u00f5es connosco, ou se tiver enviado informa\u00e7\u00e3o pessoal identific\u00e1vel atrav\u00e9s do nosso\n                    site e gostaria que essa informa\u00e7\u00e3o fosse apagada dos registos, \u00e9 favor notificar-nos para&nbsp;<a target=\"_blank\" href=\"mailto:webmaster@simoffice.net\" rel=\"noreferrer noopener\">webmaster@simoffice.net<\/a>. A correc\u00e7\u00e3o ou mudan\u00e7a dos seus dados tamb\u00e9m \u00e9\n                    poss\u00edvel.<\/p>\n                <p><strong>Liga\u00e7\u00f5es a sites de terceiros<\/strong><br>Por cortesia aos nossos visitantes, o nosso site cont\u00e9m liga\u00e7\u00f5es\n                    para alguns sites de terceiros, os quais, a nosso ver, podem conter informa\u00e7\u00f5es \u00fateis. A Pol\u00edtica de\n                    Privacidade aqui apresentada n\u00e3o se aplica a estes sites, por isso, aconselhamos vivamente a\n                    consulta da Pol\u00edtica de Privacidade dos mesmos.<\/p>\n                <p><strong>Outros<\/strong><br>O material disposto neste site, em texto e imagem, \u00e9 propriedade da empresa ou de\n                    terceiros; a sua utiliza\u00e7\u00e3o \u00e9 feita com a devida autoriza\u00e7\u00e3o dos seus autores. A utiliza\u00e7\u00e3o n\u00e3o\n                    autorizada constitui um crime pun\u00edvel por lei. Se tiver d\u00favidas ou alguma quest\u00e3o sobre a forma como\n                    gerimos a informa\u00e7\u00e3o, por favor envie-nos um e-mail para&nbsp;<a rel=\"noreferrer noopener\" target=\"_blank\" href=\"mailto:webmaster@simoffice.net\">webmaster@simoffice.net<\/a>. Este endere\u00e7o tamb\u00e9m \u00e9\n                    reservado \u00e0 comunica\u00e7\u00e3o de factos que possam, de uma maneira ou outra, infringir alguma das normas\n                    expl\u00edcitas nesta pol\u00edtica, bem como comprometer a seguran\u00e7a do site e o seu normal funcionamento.\n                <\/p>\n                <p><strong>Actualiza\u00e7\u00f5es<\/strong><br>Quaisquer mudan\u00e7as realizadas na Pol\u00edtica de Privacidade deste site ser\u00e3o\n                    descriminadas nesta p\u00e1gina e podem ser efectuadas a qualquer momento. Se a altera\u00e7\u00e3o for substancial\n                    e tiver implica\u00e7\u00f5es na forma como usamos os seus dados, ser\u00e1 informado atrav\u00e9s de uma aviso na\n                    p\u00e1gina de entrada do site.<\/p>\n            <\/div>\n<\/div><\/div>\n","protected":false},"excerpt":{"rendered":"<p>A Simoffice, lda. respeita a privacidade individual e valoriza a confian\u00e7a dos seus utilizadores, clientes e parceiros. Como tal, estamos empenhados em proteger a informa\u00e7\u00e3o pessoal que venha a partilhar connosco. Esta p\u00e1gina descreve como fazemos uso dessa informa\u00e7\u00e3o. Recep\u00e7\u00e3o de dadosAo ceder-nos a sua informa\u00e7\u00e3o pessoal, voluntariamente, ela apenas ser\u00e1 acedida pelos nossos servi\u00e7os. [&hellip;]<\/p>\n","protected":false},"author":1,"featured_media":0,"parent":0,"menu_order":0,"comment_status":"closed","ping_status":"closed","template":"","meta":[],"_links":{"self":[{"href":"https:\/\/simoffice.pt\/index.php\/wp-json\/wp\/v2\/pages\/498"}],"collection":[{"href":"https:\/\/simoffice.pt\/index.php\/wp-json\/wp\/v2\/pages"}],"about":[{"href":"https:\/\/simoffice.pt\/index.php\/wp-json\/wp\/v2\/types\/page"}],"author":[{"embeddable":true,"href":"https:\/\/simoffice.pt\/index.php\/wp-json\/wp\/v2\/users\/1"}],"replies":[{"embeddable":true,"href":"https:\/\/simoffice.pt\/index.php\/wp-json\/wp\/v2\/comments?post=498"}],"version-history":[{"count":7,"href":"https:\/\/simoffice.pt\/index.php\/wp-json\/wp\/v2\/pages\/498\/revisions"}],"predecessor-version":[{"id":649,"href":"https:\/\/simoffice.pt\/index.php\/wp-json\/wp\/v2\/pages\/498\/revisions\/649"}],"wp:attachment":[{"href":"https:\/\/simoffice.pt\/index.php\/wp-json\/wp\/v2\/media?parent=498"}],"curies":[{"name":"wp","href":"https:\/\/api.w.org\/{rel}","templated":true}]}}